Last updated on 2025-04-29 01:49:38 CEST.
Flavor | Version | Tinstall | Tcheck | Ttotal | Status | Flags |
---|---|---|---|---|---|---|
r-devel-linux-x86_64-debian-clang | 3.3 | 17.34 | 123.31 | 140.65 | OK | |
r-devel-linux-x86_64-debian-gcc | 3.3 | 10.45 | 89.22 | 99.67 | NOTE | |
r-devel-linux-x86_64-fedora-clang | 3.3 | 217.35 | OK | |||
r-devel-linux-x86_64-fedora-gcc | 3.3 | 199.65 | OK | |||
r-devel-windows-x86_64 | 3.3 | 17.00 | 117.00 | 134.00 | OK | |
r-patched-linux-x86_64 | 3.3 | 15.97 | 117.81 | 133.78 | OK | |
r-release-linux-x86_64 | 3.3 | 15.39 | 117.74 | 133.13 | OK | |
r-release-macos-arm64 | 3.3 | 55.00 | OK | |||
r-release-macos-x86_64 | 3.3 | 103.00 | OK | |||
r-release-windows-x86_64 | 3.3 | 16.00 | 118.00 | 134.00 | OK | |
r-oldrel-macos-arm64 | 3.3 | 56.00 | OK | |||
r-oldrel-macos-x86_64 | 3.3 | 119.00 | OK | |||
r-oldrel-windows-x86_64 | 3.3 | 22.00 | 155.00 | 177.00 | OK |
Version: 3.3
Check: CRAN incoming feasibility
Result: NOTE
Maintainer: ‘Kaijun Wang <kaijunwang.19@gmail.com>’
No Authors@R field in DESCRIPTION.
Please add one, modifying
Authors@R: c(person(given = "Subhadeep",
family = "Mukhopadhyay",
role = "aut"),
person(given = "Kaijun",
family = "Wang",
role = c("aut", "cre"),
email = "kaijunwang.19@gmail.com"))
as necessary.
The Description field contains
S., and Wang, K (2021, <arXiv:2004.09588>).
Please refer to arXiv e-prints via their arXiv DOI <doi:10.48550/arXiv.YYMM.NNNNN>.
Flavor: r-devel-linux-x86_64-debian-gcc