Last updated on 2025-04-29 13:51:29 CEST.
Flavor | Version | Tinstall | Tcheck | Ttotal | Status | Flags |
---|---|---|---|---|---|---|
r-devel-linux-x86_64-debian-clang | 0.2.0 | 8.84 | 80.85 | 89.69 | NOTE | |
r-devel-linux-x86_64-debian-gcc | 0.2.0 | 6.19 | 56.98 | 63.17 | OK | |
r-devel-linux-x86_64-fedora-clang | 0.2.0 | 128.10 | OK | |||
r-devel-linux-x86_64-fedora-gcc | 0.2.0 | 119.10 | OK | |||
r-devel-windows-x86_64 | 0.2.0 | 10.00 | 91.00 | 101.00 | OK | |
r-patched-linux-x86_64 | 0.2.0 | 7.21 | 75.40 | 82.61 | OK | |
r-release-linux-x86_64 | 0.2.0 | 7.38 | 75.54 | 82.92 | OK | |
r-release-macos-arm64 | 0.2.0 | 39.00 | OK | |||
r-release-macos-x86_64 | 0.2.0 | 66.00 | OK | |||
r-release-windows-x86_64 | 0.2.0 | 10.00 | 91.00 | 101.00 | OK | |
r-oldrel-macos-arm64 | 0.2.0 | 40.00 | OK | |||
r-oldrel-macos-x86_64 | 0.2.0 | 68.00 | OK | |||
r-oldrel-windows-x86_64 | 0.2.0 | 13.00 | 112.00 | 125.00 | OK |
Version: 0.2.0
Check: examples
Result: NOTE
Examples with CPU (user + system) or elapsed time > 5s
user system elapsed
ensemble.blocks 4.729 0.019 6.208
stepRPC 4.217 0.032 5.282
Flavor: r-devel-linux-x86_64-debian-clang