Last updated on 2025-04-29 01:49:38 CEST.
Flavor | Version | Tinstall | Tcheck | Ttotal | Status | Flags |
---|---|---|---|---|---|---|
r-devel-linux-x86_64-debian-clang | 1.4.1 | 11.86 | 252.49 | 264.35 | OK | |
r-devel-linux-x86_64-debian-gcc | 1.4.1 | 7.06 | 171.17 | 178.23 | NOTE | |
r-devel-linux-x86_64-fedora-clang | 1.4.1 | 420.89 | OK | |||
r-devel-linux-x86_64-fedora-gcc | 1.4.1 | 416.97 | OK | |||
r-devel-windows-x86_64 | 1.4.1 | 12.00 | 228.00 | 240.00 | OK | |
r-patched-linux-x86_64 | 1.4.1 | 12.06 | 240.41 | 252.47 | OK | |
r-release-linux-x86_64 | 1.4.1 | 10.99 | 243.22 | 254.21 | OK | |
r-release-macos-arm64 | 1.4.1 | 114.00 | OK | |||
r-release-macos-x86_64 | 1.4.1 | 233.00 | OK | |||
r-release-windows-x86_64 | 1.4.1 | 12.00 | 227.00 | 239.00 | OK | |
r-oldrel-macos-arm64 | 1.4.1 | 115.00 | OK | |||
r-oldrel-macos-x86_64 | 1.4.1 | 190.00 | OK | |||
r-oldrel-windows-x86_64 | 1.4.1 | 16.00 | 326.00 | 342.00 | OK |
Version: 1.4.1
Check: CRAN incoming feasibility
Result: NOTE
Maintainer: ‘Alexia Jolicoeur-Martineau <alexia.jolicoeur-martineau@mail.mcgill.ca>’
No Authors@R field in DESCRIPTION.
Please add one, modifying
Authors@R: person(given = "Alexia",
family = "Jolicoeur-Martineau",
role = c("aut", "cre"),
email = "alexia.jolicoeur-martineau@mail.mcgill.ca")
as necessary.
The Description field contains
<arXiv:1703.08111>. This approach has greatly enhanced predictive power
are available <arXiv:1712.04058>. The software can now produce
Please refer to arXiv e-prints via their arXiv DOI <doi:10.48550/arXiv.YYMM.NNNNN>.
Flavor: r-devel-linux-x86_64-debian-gcc