CRAN Package Check Results for Package LDATS

Last updated on 2025-04-29 01:49:37 CEST.

Flavor Version Tinstall Tcheck Ttotal Status Flags
r-devel-linux-x86_64-debian-clang 0.3.0 8.75 132.47 141.22 NOTE
r-devel-linux-x86_64-debian-gcc 0.3.0 7.58 100.03 107.61 NOTE
r-devel-linux-x86_64-fedora-clang 0.3.0 249.22 NOTE
r-devel-linux-x86_64-fedora-gcc 0.3.0 261.71 NOTE
r-devel-windows-x86_64 0.3.0 13.00 172.00 185.00 NOTE
r-patched-linux-x86_64 0.3.0 12.03 131.15 143.18 NOTE
r-release-linux-x86_64 0.3.0 10.53 130.31 140.84 NOTE
r-release-macos-arm64 0.3.0 68.00 NOTE
r-release-macos-x86_64 0.3.0 144.00 NOTE
r-release-windows-x86_64 0.3.0 13.00 178.00 191.00 NOTE
r-oldrel-macos-arm64 0.3.0 73.00 NOTE
r-oldrel-macos-x86_64 0.3.0 111.00 NOTE
r-oldrel-windows-x86_64 0.3.0 16.00 203.00 219.00 NOTE

Check Details

Version: 0.3.0
Check: Rd files
Result: NOTE checkRd: (-1) TS_diagnostics_plot.Rd:19: Lost braces 19 | \item{interactive}{\code{logical} input, should be code{TRUE} unless | ^ checkRd: (-1) plot.TS_fit.Rd:29: Lost braces 29 | \item{interactive}{\code{logical} input, should be code{TRUE} unless | ^ Flavors: r-devel-linux-x86_64-debian-clang, r-devel-linux-x86_64-debian-gcc, r-devel-linux-x86_64-fedora-clang, r-devel-linux-x86_64-fedora-gcc, r-devel-windows-x86_64, r-patched-linux-x86_64, r-release-linux-x86_64, r-release-macos-arm64, r-release-macos-x86_64, r-release-windows-x86_64, r-oldrel-macos-arm64, r-oldrel-macos-x86_64, r-oldrel-windows-x86_64