CRAN Package Check Results for Package KernelKnn

Last updated on 2025-04-29 13:51:28 CEST.

Flavor Version Tinstall Tcheck Ttotal Status Flags
r-devel-linux-x86_64-debian-clang 1.1.5 24.88 73.69 98.57 NOTE
r-devel-linux-x86_64-debian-gcc 1.1.5 18.45 50.94 69.39 NOTE
r-devel-linux-x86_64-fedora-clang 1.1.5 165.93 NOTE
r-devel-linux-x86_64-fedora-gcc 1.1.5 165.98 NOTE
r-devel-windows-x86_64 1.1.5 30.00 106.00 136.00 NOTE
r-patched-linux-x86_64 1.1.5 25.26 64.16 89.42 NOTE
r-release-linux-x86_64 1.1.5 24.54 63.95 88.49 NOTE
r-release-macos-arm64 1.1.5 63.00 NOTE
r-release-macos-x86_64 1.1.5 103.00 NOTE
r-release-windows-x86_64 1.1.5 30.00 113.00 143.00 NOTE
r-oldrel-macos-arm64 1.1.5 49.00 NOTE
r-oldrel-macos-x86_64 1.1.5 86.00 NOTE
r-oldrel-windows-x86_64 1.1.5 34.00 132.00 166.00 NOTE

Check Details

Version: 1.1.5
Check: C++ specification
Result: NOTE Specified C++11: please drop specification unless essential Flavors: r-devel-linux-x86_64-debian-clang, r-devel-linux-x86_64-debian-gcc, r-devel-linux-x86_64-fedora-clang, r-devel-linux-x86_64-fedora-gcc, r-devel-windows-x86_64, r-patched-linux-x86_64, r-release-linux-x86_64, r-release-macos-arm64, r-release-macos-x86_64, r-release-windows-x86_64, r-oldrel-macos-arm64, r-oldrel-macos-x86_64, r-oldrel-windows-x86_64

Version: 1.1.5
Check: DESCRIPTION meta-information
Result: NOTE Author field differs from that derived from Authors@R Author: ‘Lampros Mouselimis [aut, cre] (<https://orcid.org/0000-0002-8024-1546>), Matthew Parks [ctb] (Github Contributor)’ Authors@R: ‘Lampros Mouselimis [aut, cre] (ORCID: <https://orcid.org/0000-0002-8024-1546>), Matthew Parks [ctb] (Github: Github Contributor)’ Flavors: r-devel-linux-x86_64-debian-clang, r-devel-linux-x86_64-debian-gcc