Last updated on 2025-04-29 01:49:37 CEST.
Flavor | Version | Tinstall | Tcheck | Ttotal | Status | Flags |
---|---|---|---|---|---|---|
r-devel-linux-x86_64-debian-clang | 0.1.0 | 2.47 | 32.98 | 35.45 | OK | |
r-devel-linux-x86_64-debian-gcc | 0.1.0 | 1.89 | 24.50 | 26.39 | NOTE | |
r-devel-linux-x86_64-fedora-clang | 0.1.0 | 58.07 | OK | |||
r-devel-linux-x86_64-fedora-gcc | 0.1.0 | 53.17 | OK | |||
r-devel-windows-x86_64 | 0.1.0 | 4.00 | 49.00 | 53.00 | OK | |
r-patched-linux-x86_64 | 0.1.0 | 2.76 | 30.75 | 33.51 | OK | |
r-release-linux-x86_64 | 0.1.0 | 2.64 | 29.88 | 32.52 | OK | |
r-release-macos-arm64 | 0.1.0 | 22.00 | OK | |||
r-release-macos-x86_64 | 0.1.0 | 41.00 | OK | |||
r-release-windows-x86_64 | 0.1.0 | 4.00 | 52.00 | 56.00 | OK | |
r-oldrel-macos-arm64 | 0.1.0 | 21.00 | OK | |||
r-oldrel-macos-x86_64 | 0.1.0 | 38.00 | OK | |||
r-oldrel-windows-x86_64 | 0.1.0 | 4.00 | 53.00 | 57.00 | OK |
Version: 0.1.0
Check: CRAN incoming feasibility
Result: NOTE
Maintainer: ‘Zhen Huang <zh2395@columbia.edu>’
The Description field contains
Sen (2022) <arXiv:2210.00634>.
Please refer to arXiv e-prints via their arXiv DOI <doi:10.48550/arXiv.YYMM.NNNNN>.
Flavor: r-devel-linux-x86_64-debian-gcc
Version: 0.1.0
Check: examples
Result: NOTE
Examples with CPU (user + system) or elapsed time > 5s
user system elapsed
KMD_test 5.598 0.005 7.15
Flavor: r-devel-linux-x86_64-debian-gcc