Last updated on 2025-04-29 01:49:37 CEST.
Flavor | Version | Tinstall | Tcheck | Ttotal | Status | Flags |
---|---|---|---|---|---|---|
r-devel-linux-x86_64-debian-clang | 0.1.1 | 2.87 | 113.07 | 115.94 | OK | |
r-devel-linux-x86_64-debian-gcc | 0.1.1 | 1.85 | 73.68 | 75.53 | NOTE | |
r-devel-linux-x86_64-fedora-clang | 0.1.1 | 187.08 | NOTE | |||
r-devel-linux-x86_64-fedora-gcc | 0.1.1 | 194.37 | NOTE | |||
r-devel-windows-x86_64 | 0.1.1 | 4.00 | 135.00 | 139.00 | OK | |
r-patched-linux-x86_64 | 0.1.1 | 2.94 | 108.81 | 111.75 | OK | |
r-release-linux-x86_64 | 0.1.1 | 2.79 | 107.68 | 110.47 | OK | |
r-release-macos-arm64 | 0.1.1 | 103.00 | OK | |||
r-release-macos-x86_64 | 0.1.1 | 107.00 | OK | |||
r-release-windows-x86_64 | 0.1.1 | 6.00 | 138.00 | 144.00 | OK | |
r-oldrel-macos-arm64 | 0.1.1 | 53.00 | OK | |||
r-oldrel-macos-x86_64 | 0.1.1 | 81.00 | OK | |||
r-oldrel-windows-x86_64 | 0.1.1 | 6.00 | 166.00 | 172.00 | OK |
Version: 0.1.1
Check: CRAN incoming feasibility
Result: NOTE
Maintainer: ‘Maximilian Maier <maximilianmaier0401@gmail.com>’
Package CITATION file contains call(s) to old-style citEntry(). Please
use bibentry() instead.
Flavor: r-devel-linux-x86_64-debian-gcc
Version: 0.1.1
Check: dependencies in R code
Result: NOTE
Namespaces in Imports field not imported from:
‘Superpower’ ‘pwr’ ‘shinydashboard’
All declared Imports should be used.
Flavors: r-devel-linux-x86_64-fedora-clang, r-devel-linux-x86_64-fedora-gcc