CRAN Package Check Results for Package JNplots

Last updated on 2025-07-21 01:49:07 CEST.

Flavor Version Tinstall Tcheck Ttotal Status Flags
r-devel-linux-x86_64-debian-clang 0.1.1 4.49 42.85 47.34 NOTE
r-devel-linux-x86_64-debian-gcc 0.1.1 3.34 32.34 35.68 NOTE
r-devel-linux-x86_64-fedora-clang 0.1.1 71.92 OK
r-devel-linux-x86_64-fedora-gcc 0.1.1 71.76 OK
r-devel-windows-x86_64 0.1.1 6.00 58.00 64.00 NOTE
r-patched-linux-x86_64 0.1.1 5.01 41.35 46.36 NOTE
r-release-linux-x86_64 0.1.1 4.31 40.31 44.62 NOTE
r-release-macos-arm64 0.1.1 26.00 OK
r-release-macos-x86_64 0.1.1 48.00 OK
r-release-windows-x86_64 0.1.1 6.00 61.00 67.00 NOTE
r-oldrel-macos-arm64 0.1.1 24.00 OK
r-oldrel-macos-x86_64 0.1.1 34.00 OK
r-oldrel-windows-x86_64 0.1.1 8.00 70.00 78.00 OK

Check Details

Version: 0.1.1
Check: Rd cross-references
Result: NOTE Found the following Rd file(s) with Rd \link{} targets missing package anchors: jnt_cat.Rd: corStruct, corClasses jnt_cont.Rd: corStruct, corClasses Please provide package anchors for all Rd \link{} targets not in the package itself and the base packages. Flavors: r-devel-linux-x86_64-debian-clang, r-devel-linux-x86_64-debian-gcc, r-devel-windows-x86_64, r-patched-linux-x86_64, r-release-linux-x86_64, r-release-windows-x86_64