Last updated on 2024-06-30 00:59:16 CEST.
Flavor | Version | Tinstall | Tcheck | Ttotal | Status | Flags |
---|---|---|---|---|---|---|
r-devel-linux-x86_64-debian-clang | 0.7.3 | 10.83 | 2313.56 | 2324.39 | OK | |
r-devel-linux-x86_64-debian-gcc | 0.7.3 | 7.22 | 1614.55 | 1621.77 | OK | |
r-devel-linux-x86_64-fedora-clang | 0.7.3 | 2704.46 | NOTE | |||
r-devel-linux-x86_64-fedora-gcc | 0.7.3 | 2011.43 | OK | |||
r-devel-windows-x86_64 | 0.7.3 | 9.00 | 967.00 | 976.00 | OK | |
r-patched-linux-x86_64 | 0.7.3 | 5.12 | 2235.19 | 2240.31 | OK | |
r-release-linux-x86_64 | 0.7.3 | 5.81 | 2195.17 | 2200.98 | OK | |
r-release-macos-arm64 | 0.7.3 | 383.00 | OK | |||
r-release-macos-x86_64 | 0.7.3 | 751.00 | OK | |||
r-release-windows-x86_64 | 0.7.3 | 9.00 | 979.00 | 988.00 | OK | |
r-oldrel-macos-arm64 | 0.7.3 | 390.00 | ERROR | |||
r-oldrel-macos-x86_64 | 0.7.3 | 655.00 | ERROR | |||
r-oldrel-windows-x86_64 | 0.7.3 | 11.00 | 1378.00 | 1389.00 | OK |
Version: 0.7.3
Check: package dependencies
Result: NOTE
Imports includes 22 non-default packages.
Importing from so many packages makes the package vulnerable to any of
them becoming unavailable. Move as many as possible to Suggests and
use conditionally.
Flavor: r-devel-linux-x86_64-fedora-clang
Version: 0.7.3
Check: running R code from vignettes
Result: ERROR
Errors in running code in vignettes:
when running code in ‘a02_Creating_denominator_populations.Rmd’
...
> library(knitr)
> library(here)
here() starts at /private/var/folders/k4/0jwzxmln0nb8y6rkzprptb640000gq/T/RtmpLzyYwh/file11277a1902f/vignettes
> knitr::include_graphics(here("vignettes/dpop1.png"))
When sourcing ‘a02_Creating_denominator_populations.R’:
Error: Cannot find the file(s): "/private/var/folders/k4/0jwzxmln0nb8y6rkzprptb640000gq/T/RtmpLzyYwh/file11277a1902f/vignettes/vignettes/dpop1.png"
Execution halted
when running code in ‘a04_Calculating_prevalence.Rmd’
...
> library(knitr)
> library(IncidencePrevalence)
> knitr::include_graphics(here("vignettes/point_prev.png"))
When sourcing ‘a04_Calculating_prevalence.R’:
Error: Cannot find the file(s): "/private/var/folders/k4/0jwzxmln0nb8y6rkzprptb640000gq/T/RtmpXq9Wgj/file118c54e9a85e/vignettes/vignettes/point_prev.png"
Execution halted
when running code in ‘a05_Calculating_incidence.Rmd’
...
> library(knitr)
> library(IncidencePrevalence)
> knitr::include_graphics(here("vignettes/inc_no_rep_no_washout.png"))
When sourcing ‘a05_Calculating_incidence.R’:
Error: Cannot find the file(s): "/private/var/folders/k4/0jwzxmln0nb8y6rkzprptb640000gq/T/Rtmpl7xWF6/file119838fdcf07/vignettes/vignettes/inc_no_rep_no_washout.png"
Execution halted
‘a01_Introduction_to_IncidencePrevalence.Rmd’ using ‘UTF-8’... [11s/13s] OK
‘a02_Creating_denominator_populations.Rmd’ using ‘UTF-8’... failed
‘a03_Creating_target_denominator_populations.Rmd’ using ‘UTF-8’... [8s/8s] OK
‘a04_Calculating_prevalence.Rmd’ using ‘UTF-8’... failed
‘a05_Calculating_incidence.Rmd’ using ‘UTF-8’... failed
‘a06_Plotting_options.Rmd’ using ‘UTF-8’... [7s/7s] OK
Flavor: r-oldrel-macos-arm64
Version: 0.7.3
Check: running R code from vignettes
Result: ERROR
Errors in running code in vignettes:
when running code in ‘a02_Creating_denominator_populations.Rmd’
...
> library(knitr)
> library(here)
here() starts at /private/var/folders/2b/t0kwbtmn3p7brv2mvx39c9cr0000gn/T/RtmpyKEkiy/file767d6e80040d/vignettes
> knitr::include_graphics(here("vignettes/dpop1.png"))
When sourcing ‘a02_Creating_denominator_populations.R’:
Error: Cannot find the file(s): "/private/var/folders/2b/t0kwbtmn3p7brv2mvx39c9cr0000gn/T/RtmpyKEkiy/file767d6e80040d/vignettes/vignettes/dpop1.png"
Execution halted
when running code in ‘a04_Calculating_prevalence.Rmd’
...
> library(knitr)
> library(IncidencePrevalence)
> knitr::include_graphics(here("vignettes/point_prev.png"))
When sourcing ‘a04_Calculating_prevalence.R’:
Error: Cannot find the file(s): "/private/var/folders/2b/t0kwbtmn3p7brv2mvx39c9cr0000gn/T/Rtmpu9YZKm/file76b9758681f4/vignettes/vignettes/point_prev.png"
Execution halted
when running code in ‘a05_Calculating_incidence.Rmd’
...
> library(knitr)
> library(IncidencePrevalence)
> knitr::include_graphics(here("vignettes/inc_no_rep_no_washout.png"))
When sourcing ‘a05_Calculating_incidence.R’:
Error: Cannot find the file(s): "/private/var/folders/2b/t0kwbtmn3p7brv2mvx39c9cr0000gn/T/RtmpPlnsuy/file76bf7858ef3c/vignettes/vignettes/inc_no_rep_no_washout.png"
Execution halted
‘a01_Introduction_to_IncidencePrevalence.Rmd’ using ‘UTF-8’... [15s/14s] OK
‘a02_Creating_denominator_populations.Rmd’ using ‘UTF-8’... failed
‘a03_Creating_target_denominator_populations.Rmd’ using ‘UTF-8’... [14s/14s] OK
‘a04_Calculating_prevalence.Rmd’ using ‘UTF-8’... failed
‘a05_Calculating_incidence.Rmd’ using ‘UTF-8’... failed
‘a06_Plotting_options.Rmd’ using ‘UTF-8’... [12s/12s] OK
Flavor: r-oldrel-macos-x86_64