CRAN Package Check Results for Package IgAScores

Last updated on 2025-04-29 01:49:36 CEST.

Flavor Version Tinstall Tcheck Ttotal Status Flags
r-devel-linux-x86_64-debian-clang 0.1.2 2.08 23.11 25.19 OK
r-devel-linux-x86_64-debian-gcc 0.1.2 1.70 19.64 21.34 NOTE
r-devel-linux-x86_64-fedora-clang 0.1.2 40.31 OK
r-devel-linux-x86_64-fedora-gcc 0.1.2 58.10 OK
r-devel-windows-x86_64 0.1.2 3.00 45.00 48.00 OK
r-patched-linux-x86_64 0.1.2 2.03 22.56 24.59 OK
r-release-linux-x86_64 0.1.2 1.98 22.30 24.28 OK
r-release-macos-arm64 0.1.2 26.00 OK
r-release-macos-x86_64 0.1.2 44.00 OK
r-release-windows-x86_64 0.1.2 3.00 48.00 51.00 OK
r-oldrel-macos-arm64 0.1.2 24.00 OK
r-oldrel-macos-x86_64 0.1.2 35.00 OK
r-oldrel-windows-x86_64 0.1.2 4.00 49.00 53.00 OK

Check Details

Version: 0.1.2
Check: CRAN incoming feasibility
Result: NOTE Maintainer: ‘Matthew Jackson <mattjackson4@gmail.com>’ Package CITATION file contains call(s) to old-style citEntry(). Please use bibentry() instead. Flavor: r-devel-linux-x86_64-debian-gcc