Last updated on 2024-06-30 00:59:16 CEST.
Flavor | Version | Tinstall | Tcheck | Ttotal | Status | Flags |
---|---|---|---|---|---|---|
r-devel-linux-x86_64-debian-clang | 2.4.6 | 11.00 | 69.03 | 80.03 | NOTE | |
r-devel-linux-x86_64-debian-gcc | 2.4.6 | 6.79 | 50.18 | 56.97 | NOTE | |
r-devel-linux-x86_64-fedora-clang | 2.4.6 | 104.05 | NOTE | |||
r-devel-linux-x86_64-fedora-gcc | 2.4.6 | 95.82 | NOTE | |||
r-devel-windows-x86_64 | 2.4.6 | 11.00 | 79.00 | 90.00 | NOTE | |
r-patched-linux-x86_64 | 2.4.6 | 16.02 | 64.73 | 80.75 | NOTE | |
r-release-linux-x86_64 | 2.4.6 | 8.50 | 65.21 | 73.71 | NOTE | |
r-release-macos-arm64 | 2.4.6 | 33.00 | NOTE | |||
r-release-macos-x86_64 | 2.4.6 | 48.00 | NOTE | |||
r-release-windows-x86_64 | 2.4.6 | 10.00 | 80.00 | 90.00 | NOTE | |
r-oldrel-macos-arm64 | 2.4.6 | 34.00 | OK | |||
r-oldrel-macos-x86_64 | 2.4.6 | 65.00 | OK | |||
r-oldrel-windows-x86_64 | 2.4.6 | 12.00 | 92.00 | 104.00 | OK |
Version: 2.4.6
Check: Rd files
Result: NOTE
checkRd: (-1) createBssUrl.Rd:28: Lost braces
28 | \code{constraint}{ a character string containing value constraints }
| ^
checkRd: (-1) createBssUrl.Rd:29: Lost braces
29 | \code{url}{ optional url of the BSS measurements service }
| ^
checkRd: (-1) getGeneralValueMetrics.Rd:28: Lost braces
28 | \code{constraint}{ a character string containing value constraints }
| ^
checkRd: (-1) getGeneralValueMetrics.Rd:29: Lost braces
29 | \code{url}{ optional url of the MUSTANG measurements service}
| ^
checkRd: (-1) getMustangMetrics.Rd:28: Lost braces
28 | \code{constraint}{ a character string containing value constraints }
| ^
checkRd: (-1) getMustangMetrics.Rd:29: Lost braces
29 | \code{url}{ optional url of the MUSTANG measurements service }
| ^
Flavors: r-devel-linux-x86_64-debian-clang, r-devel-linux-x86_64-debian-gcc, r-devel-linux-x86_64-fedora-clang, r-devel-linux-x86_64-fedora-gcc, r-devel-windows-x86_64, r-patched-linux-x86_64, r-release-linux-x86_64, r-release-macos-arm64, r-release-macos-x86_64, r-release-windows-x86_64