Last updated on 2025-05-19 12:50:06 CEST.
Flavor | Version | Tinstall | Tcheck | Ttotal | Status | Flags |
---|---|---|---|---|---|---|
r-devel-linux-x86_64-debian-clang | 1.1 | 6.88 | 54.21 | 61.09 | OK | |
r-devel-linux-x86_64-debian-gcc | 1.1 | 4.88 | 38.73 | 43.61 | OK | |
r-devel-linux-x86_64-fedora-clang | 1.1 | 95.27 | OK | |||
r-devel-linux-x86_64-fedora-gcc | 1.1 | 91.26 | OK | |||
r-devel-windows-x86_64 | 1.1 | 9.00 | 74.00 | 83.00 | OK | |
r-patched-linux-x86_64 | 1.1 | 7.81 | 50.70 | 58.51 | OK | |
r-release-linux-x86_64 | 1.1 | 6.12 | 50.48 | 56.60 | OK | |
r-release-macos-arm64 | 1.1 | 27.00 | OK | |||
r-release-macos-x86_64 | 1.1 | 48.00 | OK | |||
r-release-windows-x86_64 | 1.1 | 8.00 | 73.00 | 81.00 | OK | |
r-oldrel-macos-arm64 | 1.1 | 28.00 | NOTE | |||
r-oldrel-macos-x86_64 | 1.1 | 41.00 | NOTE | |||
r-oldrel-windows-x86_64 | 1.1 | 11.00 | 84.00 | 95.00 | NOTE |
Version: 1.1
Check: LazyData
Result: NOTE
'LazyData' is specified without a 'data' directory
Flavors: r-oldrel-macos-arm64, r-oldrel-macos-x86_64, r-oldrel-windows-x86_64