Last updated on 2025-07-19 13:50:14 CEST.
Flavor | Version | Tinstall | Tcheck | Ttotal | Status | Flags |
---|---|---|---|---|---|---|
r-devel-linux-x86_64-debian-clang | 1.1 | 6.14 | 55.38 | 61.52 | OK | |
r-devel-linux-x86_64-debian-gcc | 1.1 | 5.14 | 38.91 | 44.05 | OK | |
r-devel-linux-x86_64-fedora-clang | 1.1 | 95.14 | OK | |||
r-devel-linux-x86_64-fedora-gcc | 1.1 | 88.24 | OK | |||
r-devel-windows-x86_64 | 1.1 | 9.00 | 71.00 | 80.00 | OK | |
r-patched-linux-x86_64 | 1.1 | 6.56 | 50.92 | 57.48 | OK | |
r-release-linux-x86_64 | 1.1 | 6.90 | 50.85 | 57.75 | OK | |
r-release-macos-arm64 | 1.1 | 27.00 | OK | |||
r-release-macos-x86_64 | 1.1 | 48.00 | OK | |||
r-release-windows-x86_64 | 1.1 | 8.00 | 69.00 | 77.00 | OK | |
r-oldrel-macos-arm64 | 1.1 | 28.00 | NOTE | |||
r-oldrel-macos-x86_64 | 1.1 | 41.00 | NOTE | |||
r-oldrel-windows-x86_64 | 1.1 | 11.00 | 83.00 | 94.00 | NOTE |
Version: 1.1
Check: LazyData
Result: NOTE
'LazyData' is specified without a 'data' directory
Flavors: r-oldrel-macos-arm64, r-oldrel-macos-x86_64, r-oldrel-windows-x86_64