CRAN Package Check Results for Package IDEAFilter

Last updated on 2025-02-22 00:49:47 CET.

Flavor Version Tinstall Tcheck Ttotal Status Flags
r-devel-linux-x86_64-debian-clang 0.2.0 6.82 58.70 65.52 NOTE
r-devel-linux-x86_64-debian-gcc 0.2.0 5.33 44.23 49.56 NOTE
r-devel-linux-x86_64-fedora-clang 0.2.0 111.56 OK
r-devel-linux-x86_64-fedora-gcc 0.2.0 116.99 OK
r-devel-macos-arm64 0.2.0 40.00 OK
r-devel-macos-x86_64 0.2.0 64.00 OK
r-devel-windows-x86_64 0.2.0 9.00 80.00 89.00 NOTE
r-patched-linux-x86_64 0.2.0 10.57 55.29 65.86 OK
r-release-linux-x86_64 0.2.0 6.53 55.29 61.82 OK
r-release-macos-arm64 0.2.0 40.00 OK
r-release-macos-x86_64 0.2.0 59.00 OK
r-release-windows-x86_64 0.2.0 9.00 80.00 89.00 OK
r-oldrel-macos-arm64 0.2.0 42.00 OK
r-oldrel-macos-x86_64 0.2.0 82.00 OK
r-oldrel-windows-x86_64 0.2.0 12.00 108.00 120.00 OK

Check Details

Version: 0.2.0
Check: Rd cross-references
Result: NOTE Found the following Rd file(s) with Rd \link{} targets missing package anchors: filter_log_style.Rd: crayon Please provide package anchors for all Rd \link{} targets not in the package itself and the base packages. Flavors: r-devel-linux-x86_64-debian-clang, r-devel-linux-x86_64-debian-gcc, r-devel-windows-x86_64