Last updated on 2024-08-16 12:49:10 CEST.
Flavor | Version | Tinstall | Tcheck | Ttotal | Status | Flags |
---|---|---|---|---|---|---|
r-devel-linux-x86_64-debian-clang | 5.1-3 | 50.90 | 287.35 | 338.25 | NOTE | |
r-devel-linux-x86_64-debian-gcc | 5.1-3 | 30.26 | 176.98 | 207.24 | NOTE | |
r-devel-linux-x86_64-fedora-clang | 5.1-3 | 550.40 | NOTE | |||
r-devel-linux-x86_64-fedora-gcc | 5.1-3 | 526.94 | NOTE | |||
r-devel-windows-x86_64 | 5.1-3 | 61.00 | 322.00 | 383.00 | NOTE | |
r-patched-linux-x86_64 | 5.1-3 | 65.23 | 264.20 | 329.43 | NOTE | |
r-release-linux-x86_64 | 5.1-3 | 50.82 | 268.51 | 319.33 | NOTE | |
r-release-macos-arm64 | 5.1-3 | 127.00 | NOTE | |||
r-release-macos-x86_64 | 5.1-3 | 285.00 | NOTE | |||
r-release-windows-x86_64 | 5.1-3 | 63.00 | 319.00 | 382.00 | NOTE | |
r-oldrel-macos-arm64 | 5.1-3 | 124.00 | NOTE | |||
r-oldrel-macos-x86_64 | 5.1-3 | 263.00 | NOTE | |||
r-oldrel-windows-x86_64 | 5.1-3 | 80.00 | 420.00 | 500.00 | NOTE |
Version: 5.1-3
Check: R code for possible problems
Result: NOTE
html_describe_con: multiple local function definitions for āgā with
different formal arguments
Flavors: r-devel-linux-x86_64-debian-clang, r-devel-linux-x86_64-debian-gcc, r-devel-linux-x86_64-fedora-clang, r-devel-linux-x86_64-fedora-gcc, r-devel-windows-x86_64, r-patched-linux-x86_64, r-release-linux-x86_64, r-release-macos-arm64, r-release-macos-x86_64, r-release-windows-x86_64, r-oldrel-macos-arm64, r-oldrel-macos-x86_64, r-oldrel-windows-x86_64
Version: 5.1-3
Check: Rd cross-references
Result: NOTE
Found the following Rd file(s) with Rd \link{} targets missing package
anchors:
popower.Rd: ggplot2
transcan.Rd: multinom
Please provide package anchors for all Rd \link{} targets not in the
package itself and the base packages.
Flavors: r-devel-linux-x86_64-debian-clang, r-devel-linux-x86_64-debian-gcc, r-devel-windows-x86_64