CRAN Package Check Results for Package HiCocietyExample

Last updated on 2025-05-17 01:51:06 CEST.

Flavor Version Tinstall Tcheck Ttotal Status Flags
r-devel-linux-x86_64-debian-clang 1.0.0 2.06 16.54 18.60 OK
r-devel-linux-x86_64-debian-gcc 1.0.0 1.49 13.98 15.47 OK
r-devel-linux-x86_64-fedora-clang 1.0.0 28.38 OK
r-devel-linux-x86_64-fedora-gcc 1.0.0 28.19 OK
r-devel-windows-x86_64 1.0.0 4.00 36.00 40.00 OK
r-patched-linux-x86_64 1.0.0 2.10 16.06 18.16 OK
r-release-linux-x86_64 1.0.0 2.01 16.10 18.11 OK
r-release-macos-arm64 1.0.0 11.00 OK
r-release-macos-x86_64 1.0.0 24.00 OK
r-release-windows-x86_64 1.0.0 4.00 36.00 40.00 OK
r-oldrel-macos-arm64 1.0.0 18.00 NOTE
r-oldrel-macos-x86_64 1.0.0 28.00 NOTE
r-oldrel-windows-x86_64 1.0.0 5.00 35.00 40.00 NOTE

Check Details

Version: 1.0.0
Check: installed package size
Result: NOTE installed size is 7.7Mb sub-directories of 1Mb or more: extdata 7.6Mb Flavors: r-oldrel-macos-arm64, r-oldrel-macos-x86_64, r-oldrel-windows-x86_64