Last updated on 2025-07-21 12:50:03 CEST.
Flavor | Version | Tinstall | Tcheck | Ttotal | Status | Flags |
---|---|---|---|---|---|---|
r-devel-linux-x86_64-debian-clang | 1.0.0 | 4.18 | 31.22 | 35.40 | OK | |
r-devel-linux-x86_64-debian-gcc | 1.0.0 | 2.72 | 23.18 | 25.90 | OK | |
r-devel-linux-x86_64-fedora-clang | 1.0.0 | 51.54 | OK | |||
r-devel-linux-x86_64-fedora-gcc | 1.0.0 | 48.95 | OK | |||
r-devel-windows-x86_64 | 1.0.0 | 5.00 | 58.00 | 63.00 | OK | |
r-patched-linux-x86_64 | 1.0.0 | 5.11 | 28.61 | 33.72 | OK | |
r-release-linux-x86_64 | 1.0.0 | 4.39 | 28.64 | 33.03 | OK | |
r-release-macos-arm64 | 1.0.0 | 18.00 | OK | |||
r-release-macos-x86_64 | 1.0.0 | 34.00 | OK | |||
r-release-windows-x86_64 | 1.0.0 | 5.00 | 58.00 | 63.00 | OK | |
r-oldrel-macos-arm64 | 1.0.0 | 17.00 | NOTE | |||
r-oldrel-macos-x86_64 | 1.0.0 | 29.00 | NOTE | |||
r-oldrel-windows-x86_64 | 1.0.0 | 5.00 | 65.00 | 70.00 | NOTE |
Version: 1.0.0
Check: LazyData
Result: NOTE
'LazyData' is specified without a 'data' directory
Flavors: r-oldrel-macos-arm64, r-oldrel-macos-x86_64, r-oldrel-windows-x86_64