Last updated on 2025-04-29 01:49:34 CEST.
Flavor | Version | Tinstall | Tcheck | Ttotal | Status | Flags |
---|---|---|---|---|---|---|
r-devel-linux-x86_64-debian-clang | 0.0.2 | 1.81 | 25.71 | 27.52 | OK | |
r-devel-linux-x86_64-debian-gcc | 0.0.2 | 1.36 | 20.91 | 22.27 | NOTE | |
r-devel-linux-x86_64-fedora-clang | 0.0.2 | 46.92 | OK | |||
r-devel-linux-x86_64-fedora-gcc | 0.0.2 | 41.49 | OK | |||
r-devel-windows-x86_64 | 0.0.2 | 3.00 | 46.00 | 49.00 | OK | |
r-patched-linux-x86_64 | 0.0.2 | 1.66 | 25.35 | 27.01 | OK | |
r-release-linux-x86_64 | 0.0.2 | 1.64 | 25.14 | 26.78 | OK | |
r-release-macos-arm64 | 0.0.2 | 24.00 | OK | |||
r-release-macos-x86_64 | 0.0.2 | 37.00 | OK | |||
r-release-windows-x86_64 | 0.0.2 | 3.00 | 46.00 | 49.00 | OK | |
r-oldrel-macos-arm64 | 0.0.2 | 18.00 | OK | |||
r-oldrel-macos-x86_64 | 0.0.2 | 25.00 | OK | |||
r-oldrel-windows-x86_64 | 0.0.2 | 4.00 | 50.00 | 54.00 | OK |
Version: 0.0.2
Check: examples
Result: NOTE
Examples with CPU (user + system) or elapsed time > 5s
user system elapsed
GrabSVG 4.418 0.211 5.362
Flavor: r-devel-linux-x86_64-debian-gcc