Last updated on 2025-05-19 01:49:55 CEST.
Flavor | Version | Tinstall | Tcheck | Ttotal | Status | Flags |
---|---|---|---|---|---|---|
r-devel-linux-x86_64-debian-clang | 1.1 | 46.84 | 159.84 | 206.68 | OK | |
r-devel-linux-x86_64-debian-gcc | 1.1 | 33.68 | 117.33 | 151.01 | OK | |
r-devel-linux-x86_64-fedora-clang | 1.2 | 336.74 | OK | |||
r-devel-linux-x86_64-fedora-gcc | 1.1 | 353.17 | OK | |||
r-devel-windows-x86_64 | 1.1 | 47.00 | 151.00 | 198.00 | OK | |
r-patched-linux-x86_64 | 1.0 | 19.84 | 34.39 | 54.23 | OK | |
r-release-linux-x86_64 | 1.1 | 40.88 | 149.44 | 190.32 | OK | |
r-release-macos-arm64 | 1.2 | 127.00 | OK | |||
r-release-macos-x86_64 | 1.1 | 223.00 | OK | |||
r-release-windows-x86_64 | 1.1 | 31.00 | 5.00 | 36.00 | ERROR | |
r-oldrel-macos-arm64 | 1.2 | 97.00 | NOTE | |||
r-oldrel-macos-x86_64 | 1.1 | 139.00 | NOTE | |||
r-oldrel-windows-x86_64 | 1.0 | 26.00 | 65.00 | 91.00 | OK |
Version: 1.1
Check: whether package can be installed
Result: ERROR
Installation failed.
Flavor: r-release-windows-x86_64
Version: 1.2
Check: installed package size
Result: NOTE
installed size is 5.1Mb
sub-directories of 1Mb or more:
data 4.2Mb
Flavor: r-oldrel-macos-arm64
Version: 1.1
Check: installed package size
Result: NOTE
installed size is 5.1Mb
sub-directories of 1Mb or more:
data 4.2Mb
Flavor: r-oldrel-macos-x86_64