Last updated on 2025-04-29 01:49:33 CEST.
Flavor | Version | Tinstall | Tcheck | Ttotal | Status | Flags |
---|---|---|---|---|---|---|
r-devel-linux-x86_64-debian-clang | 1.0 | 13.44 | 137.29 | 150.73 | NOTE | |
r-devel-linux-x86_64-debian-gcc | 1.0 | 9.38 | 97.45 | 106.83 | NOTE | |
r-devel-linux-x86_64-fedora-clang | 1.0 | 231.92 | OK | |||
r-devel-linux-x86_64-fedora-gcc | 1.0 | 223.52 | OK | |||
r-devel-windows-x86_64 | 1.0 | 16.00 | 141.00 | 157.00 | NOTE | |
r-patched-linux-x86_64 | 1.0 | 14.25 | 133.73 | 147.98 | NOTE | |
r-release-linux-x86_64 | 1.0 | 13.95 | 135.33 | 149.28 | NOTE | |
r-release-macos-arm64 | 1.0 | 69.00 | OK | |||
r-release-macos-x86_64 | 1.0 | 122.00 | OK | |||
r-release-windows-x86_64 | 1.0 | 15.00 | 146.00 | 161.00 | NOTE | |
r-oldrel-macos-arm64 | 1.0 | 58.00 | NOTE | |||
r-oldrel-macos-x86_64 | 1.0 | 90.00 | NOTE | |||
r-oldrel-windows-x86_64 | 1.0 | 20.00 | 183.00 | 203.00 | NOTE |
Version: 1.0
Check: Rd cross-references
Result: NOTE
Found the following Rd file(s) with Rd \link{} targets missing package
anchors:
comb_EIG2.Rd: accuracy
comb_SA.Rd: accuracy
Please provide package anchors for all Rd \link{} targets not in the
package itself and the base packages.
Flavors: r-devel-linux-x86_64-debian-clang, r-devel-linux-x86_64-debian-gcc, r-devel-windows-x86_64, r-patched-linux-x86_64, r-release-linux-x86_64, r-release-windows-x86_64
Version: 1.0
Check: CRAN incoming feasibility
Result: NOTE
Maintainer: ‘Christoph E. Weiss <info@ceweiss.com>’
No Authors@R field in DESCRIPTION.
Please add one, modifying
Authors@R: c(person(given = c("Christoph", "E."),
family = "Weiss",
role = c("aut", "cre"),
email = "info@ceweiss.com"),
person(given = c("Gernot", "R."),
family = "Roetzer",
role = "aut"))
as necessary.
Flavor: r-devel-linux-x86_64-debian-gcc
Version: 1.0
Check: LazyData
Result: NOTE
'LazyData' is specified without a 'data' directory
Flavors: r-oldrel-macos-arm64, r-oldrel-macos-x86_64, r-oldrel-windows-x86_64