Last updated on 2025-04-29 01:49:33 CEST.
Flavor | Version | Tinstall | Tcheck | Ttotal | Status | Flags |
---|---|---|---|---|---|---|
r-devel-linux-x86_64-debian-clang | 0.2.1 | 15.40 | 69.54 | 84.94 | OK | |
r-devel-linux-x86_64-debian-gcc | 0.2.1 | 9.23 | 44.69 | 53.92 | NOTE | |
r-devel-linux-x86_64-fedora-clang | 0.2.1 | 161.75 | OK | |||
r-devel-linux-x86_64-fedora-gcc | 0.2.1 | 149.21 | OK | |||
r-devel-windows-x86_64 | 0.2.1 | 15.00 | 79.00 | 94.00 | OK | |
r-patched-linux-x86_64 | 0.2.1 | 14.61 | 66.85 | 81.46 | OK | |
r-release-linux-x86_64 | 0.2.1 | 14.96 | 65.85 | 80.81 | OK | |
r-release-macos-arm64 | 0.2.1 | 36.00 | OK | |||
r-release-macos-x86_64 | 0.2.1 | 67.00 | OK | |||
r-release-windows-x86_64 | 0.2.1 | 16.00 | 79.00 | 95.00 | OK | |
r-oldrel-macos-arm64 | 0.2.1 | 38.00 | OK | |||
r-oldrel-macos-x86_64 | 0.2.1 | 71.00 | OK | |||
r-oldrel-windows-x86_64 | 0.2.1 | 22.00 | 109.00 | 131.00 | OK |
Version: 0.2.1
Check: examples
Result: NOTE
Examples with CPU (user + system) or elapsed time > 5s
user system elapsed
GofHMMGen 0.346 0.015 6.023
Flavor: r-devel-linux-x86_64-debian-gcc