Last updated on 2025-05-19 01:49:54 CEST.
Flavor | Version | Tinstall | Tcheck | Ttotal | Status | Flags |
---|---|---|---|---|---|---|
r-devel-linux-x86_64-debian-clang | 1.1.0 | 2.74 | 68.64 | 71.38 | OK | |
r-devel-linux-x86_64-debian-gcc | 1.1.0 | 2.31 | 50.00 | 52.31 | OK | |
r-devel-linux-x86_64-fedora-clang | 1.1.0 | 114.76 | OK | |||
r-devel-linux-x86_64-fedora-gcc | 1.1.0 | 123.25 | OK | |||
r-devel-windows-x86_64 | 1.1.0 | 5.00 | 85.00 | 90.00 | OK | |
r-patched-linux-x86_64 | 1.1.0 | 3.59 | 62.94 | 66.53 | OK | |
r-release-linux-x86_64 | 1.1.0 | 3.04 | 62.82 | 65.86 | OK | |
r-release-macos-arm64 | 1.1.0 | 50.00 | OK | |||
r-release-macos-x86_64 | 1.1.0 | 82.00 | OK | |||
r-release-windows-x86_64 | 1.1.0 | 6.00 | 84.00 | 90.00 | OK | |
r-oldrel-macos-arm64 | 1.1.0 | 48.00 | NOTE | |||
r-oldrel-macos-x86_64 | 1.1.0 | 74.00 | NOTE | |||
r-oldrel-windows-x86_64 | 1.1.0 | 7.00 | 100.00 | 107.00 | NOTE |
Version: 1.1.0
Check: installed package size
Result: NOTE
installed size is 6.0Mb
sub-directories of 1Mb or more:
doc 5.7Mb
Flavors: r-oldrel-macos-arm64, r-oldrel-macos-x86_64, r-oldrel-windows-x86_64