Last updated on 2025-04-29 01:49:35 CEST.
Flavor | Version | Tinstall | Tcheck | Ttotal | Status | Flags |
---|---|---|---|---|---|---|
r-devel-linux-x86_64-debian-clang | 1.0 | 5.07 | 41.63 | 46.70 | OK | |
r-devel-linux-x86_64-debian-gcc | 1.0 | 3.10 | 30.56 | 33.66 | NOTE | |
r-devel-linux-x86_64-fedora-clang | 1.0 | 76.67 | OK | |||
r-devel-linux-x86_64-fedora-gcc | 1.0 | 85.53 | OK | |||
r-devel-windows-x86_64 | 1.0 | 5.00 | 60.00 | 65.00 | OK | |
r-patched-linux-x86_64 | 1.0 | 4.62 | 39.02 | 43.64 | OK | |
r-release-linux-x86_64 | 1.0 | 4.55 | 39.57 | 44.12 | OK | |
r-release-macos-arm64 | 1.0 | 31.00 | OK | |||
r-release-macos-x86_64 | 1.0 | 71.00 | OK | |||
r-release-windows-x86_64 | 1.0 | 6.00 | 64.00 | 70.00 | OK | |
r-oldrel-macos-arm64 | 1.0 | 31.00 | OK | |||
r-oldrel-macos-x86_64 | 1.0 | 46.00 | OK | |||
r-oldrel-windows-x86_64 | 1.0 | 8.00 | 71.00 | 79.00 | OK |
Version: 1.0
Check: CRAN incoming feasibility
Result: NOTE
Maintainer: ‘Xueyuan Cao <xcao12@uthsc.edu>’
Found the following \keyword or \concept entries
which likely give several index terms:
File ‘gsda.Rd’:
\keyword{association;}
\keyword{enrichment;}
Flavor: r-devel-linux-x86_64-debian-gcc