Last updated on 2024-06-30 00:59:15 CEST.
Flavor | Version | Tinstall | Tcheck | Ttotal | Status | Flags |
---|---|---|---|---|---|---|
r-devel-linux-x86_64-debian-clang | 1.0.2.1 | 16.47 | 119.84 | 136.31 | OK | |
r-devel-linux-x86_64-debian-gcc | 1.0.2.1 | 13.59 | 87.79 | 101.38 | OK | |
r-devel-linux-x86_64-fedora-clang | 1.0.2.1 | 170.13 | NOTE | |||
r-devel-linux-x86_64-fedora-gcc | 1.0.2.1 | 159.85 | NOTE | |||
r-devel-windows-x86_64 | 1.0.2.1 | 16.00 | 112.00 | 128.00 | OK | |
r-patched-linux-x86_64 | 1.0.2.1 | 13.34 | 114.33 | 127.67 | OK | |
r-release-linux-x86_64 | 1.0.2.1 | 10.49 | 114.97 | 125.46 | OK | |
r-release-macos-arm64 | 1.0.2.1 | 54.00 | OK | |||
r-release-macos-x86_64 | 1.0.2.1 | 83.00 | OK | |||
r-release-windows-x86_64 | 1.0.2.1 | 14.00 | 112.00 | 126.00 | OK | |
r-oldrel-macos-arm64 | 1.0.2.1 | 60.00 | OK | |||
r-oldrel-macos-x86_64 | 1.0.2.1 | 98.00 | OK | |||
r-oldrel-windows-x86_64 | 1.0.2.1 | 19.00 | 142.00 | 161.00 | OK |
Version: 1.0.2.1
Check: dependencies in R code
Result: NOTE
Namespaces in Imports field not imported from:
‘base’ ‘methods’
All declared Imports should be used.
Flavors: r-devel-linux-x86_64-fedora-clang, r-devel-linux-x86_64-fedora-gcc