Last updated on 2025-04-29 01:49:34 CEST.
Flavor | Version | Tinstall | Tcheck | Ttotal | Status | Flags |
---|---|---|---|---|---|---|
r-devel-linux-x86_64-debian-clang | 6.0 | 2.08 | 24.45 | 26.53 | OK | |
r-devel-linux-x86_64-debian-gcc | 6.0 | 1.97 | 19.04 | 21.01 | NOTE | |
r-devel-linux-x86_64-fedora-clang | 6.0 | 42.66 | OK | |||
r-devel-linux-x86_64-fedora-gcc | 6.0 | 41.56 | OK | |||
r-devel-windows-x86_64 | 6.0 | 4.00 | 50.00 | 54.00 | OK | |
r-patched-linux-x86_64 | 6.0 | 2.18 | 23.66 | 25.84 | OK | |
r-release-linux-x86_64 | 6.0 | 2.47 | 23.56 | 26.03 | OK | |
r-release-macos-arm64 | 6.0 | 21.00 | OK | |||
r-release-macos-x86_64 | 6.0 | 32.00 | OK | |||
r-release-windows-x86_64 | 6.0 | 4.00 | 50.00 | 54.00 | OK | |
r-oldrel-macos-arm64 | 6.0 | 18.00 | OK | |||
r-oldrel-macos-x86_64 | 6.0 | 26.00 | OK | |||
r-oldrel-windows-x86_64 | 6.0 | 5.00 | 53.00 | 58.00 | OK |
Version: 6.0
Check: CRAN incoming feasibility
Result: NOTE
Maintainer: ‘Annarosa Quarello <quarello.annarosa@gmail.com>’
No Authors@R field in DESCRIPTION.
Please add one, modifying
Authors@R: c(person(given = "Annarosa",
family = "Quarello",
role = c("aut", "cre"),
email = "quarello.annarosa@gmail.com"),
person(given = "Emilie",
family = "Lebarbier",
role = "aut"),
person(given = "Olivier",
family = "Bock",
role = "aut"))
as necessary.
The Description field contains
<arXiv:2005.04683>.
Please refer to arXiv e-prints via their arXiv DOI <doi:10.48550/arXiv.YYMM.NNNNN>.
Flavor: r-devel-linux-x86_64-debian-gcc