Last updated on 2025-04-29 01:49:33 CEST.
Flavor | Version | Tinstall | Tcheck | Ttotal | Status | Flags |
---|---|---|---|---|---|---|
r-devel-linux-x86_64-debian-clang | 1.2.1 | 8.92 | 73.51 | 82.43 | OK | |
r-devel-linux-x86_64-debian-gcc | 1.2.1 | 6.63 | 53.13 | 59.76 | NOTE | |
r-devel-linux-x86_64-fedora-clang | 1.2.1 | 134.28 | OK | |||
r-devel-linux-x86_64-fedora-gcc | 1.2.1 | 133.38 | OK | |||
r-devel-windows-x86_64 | 1.2.1 | 12.00 | 78.00 | 90.00 | OK | |
r-patched-linux-x86_64 | 1.2.1 | 10.19 | 71.39 | 81.58 | OK | |
r-release-linux-x86_64 | 1.2.1 | 10.28 | 70.20 | 80.48 | OK | |
r-release-macos-arm64 | 1.2.1 | 40.00 | OK | |||
r-release-macos-x86_64 | 1.2.1 | 81.00 | OK | |||
r-release-windows-x86_64 | 1.2.1 | 11.00 | 82.00 | 93.00 | OK | |
r-oldrel-macos-arm64 | 1.2.1 | 38.00 | OK | |||
r-oldrel-macos-x86_64 | 1.2.1 | 134.00 | OK | |||
r-oldrel-windows-x86_64 | 1.2.1 | 16.00 | 96.00 | 112.00 | OK |
Version: 1.2.1
Check: examples
Result: NOTE
Examples with CPU (user + system) or elapsed time > 5s
user system elapsed
Realdata_Finalmodel 5.75 0.07 7.399
Flavor: r-devel-linux-x86_64-debian-gcc