Last updated on 2025-04-29 01:49:33 CEST.
Flavor | Version | Tinstall | Tcheck | Ttotal | Status | Flags |
---|---|---|---|---|---|---|
r-devel-linux-x86_64-debian-clang | 0.9.5 | 3.64 | 26.67 | 30.31 | OK | |
r-devel-linux-x86_64-debian-gcc | 0.9.5 | 2.75 | 21.24 | 23.99 | NOTE | |
r-devel-linux-x86_64-fedora-clang | 0.9.5 | 48.34 | OK | |||
r-devel-linux-x86_64-fedora-gcc | 0.9.5 | 47.69 | OK | |||
r-devel-windows-x86_64 | 0.9.5 | 5.00 | 47.00 | 52.00 | OK | |
r-patched-linux-x86_64 | 0.9.5 | 4.12 | 26.14 | 30.26 | OK | |
r-release-linux-x86_64 | 0.9.5 | 3.59 | 26.11 | 29.70 | OK | |
r-release-macos-arm64 | 0.9.5 | 22.00 | OK | |||
r-release-macos-x86_64 | 0.9.5 | 37.00 | OK | |||
r-release-windows-x86_64 | 0.9.5 | 5.00 | 50.00 | 55.00 | OK | |
r-oldrel-macos-arm64 | 0.9.5 | 18.00 | OK | |||
r-oldrel-macos-x86_64 | 0.9.5 | 34.00 | OK | |||
r-oldrel-windows-x86_64 | 0.9.5 | 6.00 | 53.00 | 59.00 | OK |
Version: 0.9.5
Check: CRAN incoming feasibility
Result: NOTE
Maintainer: ‘F.J. Martinez-de-Pison <fjmartin@unirioja.es>’
No Authors@R field in DESCRIPTION.
Please add one, modifying
Authors@R: person(given = "F.J.",
family = "Martinez-de-Pison",
role = c("aut", "cre"),
email = "fjmartin@unirioja.es")
as necessary.
Flavor: r-devel-linux-x86_64-debian-gcc