CRAN Package Check Results for Package ForeComp

Last updated on 2025-04-29 01:49:33 CEST.

Flavor Version Tinstall Tcheck Ttotal Status Flags
r-devel-linux-x86_64-debian-clang 0.9.0 5.97 94.19 100.16 OK
r-devel-linux-x86_64-debian-gcc 0.9.0 5.32 66.47 71.79 NOTE
r-devel-linux-x86_64-fedora-clang 0.9.0 166.25 OK
r-devel-linux-x86_64-fedora-gcc 0.9.0 156.62 OK
r-devel-windows-x86_64 0.9.0 9.00 98.00 107.00 OK
r-patched-linux-x86_64 0.9.0 8.82 92.46 101.28 OK
r-release-linux-x86_64 0.9.0 7.13 92.96 100.09 OK
r-release-macos-arm64 0.9.0 96.00 OK
r-release-macos-x86_64 0.9.0 112.00 OK
r-release-windows-x86_64 0.9.0 10.00 99.00 109.00 OK
r-oldrel-macos-arm64 0.9.0 39.00 OK
r-oldrel-macos-x86_64 0.9.0 66.00 OK
r-oldrel-windows-x86_64 0.9.0 12.00 122.00 134.00 OK

Check Details

Version: 0.9.0
Check: examples
Result: NOTE Examples with CPU (user + system) or elapsed time > 5s user system elapsed Plot_Tradeoff 5.347 0.258 7.114 Flavor: r-devel-linux-x86_64-debian-gcc