Last updated on 2025-05-19 12:50:03 CEST.
Flavor | Version | Tinstall | Tcheck | Ttotal | Status | Flags |
---|---|---|---|---|---|---|
r-devel-linux-x86_64-debian-clang | 0.1.0 | 35.54 | 88.99 | 124.53 | NOTE | |
r-devel-linux-x86_64-debian-gcc | 0.1.0 | 22.26 | 63.70 | 85.96 | NOTE | |
r-devel-linux-x86_64-fedora-clang | 0.1.0 | 205.05 | OK | |||
r-devel-linux-x86_64-fedora-gcc | 0.1.0 | 217.57 | OK | |||
r-devel-windows-x86_64 | 0.1.0 | 41.00 | 108.00 | 149.00 | OK | |
r-patched-linux-x86_64 | 0.1.0 | 34.54 | 84.33 | 118.87 | OK | |
r-release-linux-x86_64 | 0.1.0 | 33.25 | 83.65 | 116.90 | OK | |
r-release-macos-arm64 | 0.1.0 | 62.00 | OK | |||
r-release-macos-x86_64 | 0.1.0 | 108.00 | OK | |||
r-release-windows-x86_64 | 0.1.0 | 39.00 | 111.00 | 150.00 | OK | |
r-oldrel-macos-arm64 | 0.1.0 | 60.00 | OK | |||
r-oldrel-macos-x86_64 | 0.1.0 | 86.00 | OK | |||
r-oldrel-windows-x86_64 | 0.1.0 | 41.00 | 139.00 | 180.00 | OK |
Version: 0.1.0
Check: CRAN incoming feasibility
Result: NOTE
Maintainer: ‘Léonie Courcoul <leonie.courcoul@u-bordeaux.fr>’
The Description field contains
Jacqmin-Gadda (2023) <arXiv:2306.16785>).
Please refer to arXiv e-prints via their arXiv DOI <doi:10.48550/arXiv.YYMM.NNNNN>.
Flavors: r-devel-linux-x86_64-debian-clang, r-devel-linux-x86_64-debian-gcc