Last updated on 2024-08-16 12:49:08 CEST.
Flavor | Version | Tinstall | Tcheck | Ttotal | Status | Flags |
---|---|---|---|---|---|---|
r-devel-linux-x86_64-debian-clang | 0.1.2 | 11.16 | 77.33 | 88.49 | NOTE | |
r-devel-linux-x86_64-debian-gcc | 0.1.2 | 7.07 | 55.46 | 62.53 | NOTE | |
r-devel-linux-x86_64-fedora-clang | 0.1.2 | 142.01 | NOTE | |||
r-devel-linux-x86_64-fedora-gcc | 0.1.2 | 146.03 | NOTE | |||
r-devel-windows-x86_64 | 0.1.2 | 12.00 | 100.00 | 112.00 | NOTE | |
r-patched-linux-x86_64 | 0.1.2 | 12.31 | 72.63 | 84.94 | NOTE | |
r-release-linux-x86_64 | 0.1.2 | 11.65 | 71.87 | 83.52 | NOTE | |
r-release-macos-arm64 | 0.1.2 | 45.00 | NOTE | |||
r-release-macos-x86_64 | 0.1.2 | 73.00 | NOTE | |||
r-release-windows-x86_64 | 0.1.2 | 12.00 | 98.00 | 110.00 | NOTE | |
r-oldrel-macos-arm64 | 0.1.2 | 49.00 | OK | |||
r-oldrel-macos-x86_64 | 0.1.2 | 81.00 | OK | |||
r-oldrel-windows-x86_64 | 0.1.2 | 14.00 | 115.00 | 129.00 | OK |
Version: 0.1.2
Check: Rd files
Result: NOTE
checkRd: (-1) fun-igraph_financial.Rd:34: Lost braces; missing escapes or markup?
34 | The same result for both \code{igraph} and {igraph_financial} objects
| ^
checkRd: (-1) igraph_E_iterators.Rd:31: Lost braces; missing escapes or markup?
31 | The same result for both \code{igraph} and {igraph_financial} objects
| ^
checkRd: (-1) igraph_v_iterators.Rd:29: Lost braces; missing escapes or markup?
29 | The same result for both \code{igraph} and {igraph_financial} objects
| ^
checkRd: (-1) plot_igraph-methods.Rd:22: Lost braces
22 | Methods to extend code{igraph}'s plotting functions to \code{igraph_financial} objects
| ^
checkRd: (-1) plot_igraph-methods.Rd:19: Lost braces; missing escapes or markup?
19 | For both \code{igraph} and {igraph_financial} objects, returns NULL invisibly. It is called to print the graph to any R device. (see method and \href{https://rdrr.io/cran/igraph/man/plot.igraph.html}{igraph::plot.igraph})
| ^
Flavors: r-devel-linux-x86_64-debian-clang, r-devel-linux-x86_64-debian-gcc, r-devel-linux-x86_64-fedora-clang, r-devel-linux-x86_64-fedora-gcc, r-devel-windows-x86_64, r-patched-linux-x86_64, r-release-linux-x86_64, r-release-macos-arm64, r-release-macos-x86_64, r-release-windows-x86_64