CRAN Package Check Results for Package FastUtils

Last updated on 2025-04-29 13:51:23 CEST.

Flavor Version Tinstall Tcheck Ttotal Status Flags
r-devel-linux-x86_64-debian-clang 0.2.1 13.95 56.42 70.37 OK
r-devel-linux-x86_64-debian-gcc 0.2.1 9.66 40.23 49.89 OK
r-devel-linux-x86_64-fedora-clang 0.2.1 117.87 NOTE
r-devel-linux-x86_64-fedora-gcc 0.2.1 119.73 NOTE
r-devel-windows-x86_64 0.2.1 18.00 107.00 125.00 OK
r-patched-linux-x86_64 0.2.1 12.21 52.84 65.05 OK
r-release-linux-x86_64 0.2.1 13.02 52.64 65.66 OK
r-release-macos-arm64 0.2.1 43.00 OK
r-release-macos-x86_64 0.2.1 74.00 OK
r-release-windows-x86_64 0.2.1 20.00 107.00 127.00 OK
r-oldrel-macos-arm64 0.2.1 46.00 OK
r-oldrel-macos-x86_64 0.2.1 145.00 OK
r-oldrel-windows-x86_64 0.2.1 25.00 127.00 152.00 OK

Check Details

Version: 0.2.1
Check: dependencies in R code
Result: NOTE Namespace in Imports field not imported from: ‘lifecycle’ All declared Imports should be used. Flavors: r-devel-linux-x86_64-fedora-clang, r-devel-linux-x86_64-fedora-gcc