Last updated on 2025-02-22 00:49:45 CET.
Flavor | Version | Tinstall | Tcheck | Ttotal | Status | Flags |
---|---|---|---|---|---|---|
r-devel-linux-x86_64-debian-clang | 2.2.1 | 5.11 | 35.21 | 40.32 | OK | |
r-devel-linux-x86_64-debian-gcc | 2.2.1 | 3.39 | 25.39 | 28.78 | OK | |
r-devel-linux-x86_64-fedora-clang | 2.2.1 | 64.71 | NOTE | |||
r-devel-linux-x86_64-fedora-gcc | 2.2.1 | 60.51 | NOTE | |||
r-devel-macos-arm64 | 2.2.1 | 22.00 | OK | |||
r-devel-macos-x86_64 | 2.2.1 | 39.00 | OK | |||
r-devel-windows-x86_64 | 2.2.1 | 7.00 | 59.00 | 66.00 | OK | |
r-patched-linux-x86_64 | 2.2.1 | 3.93 | 32.58 | 36.51 | OK | |
r-release-linux-x86_64 | 2.2.1 | 4.41 | 32.51 | 36.92 | OK | |
r-release-macos-arm64 | 2.2.1 | 22.00 | OK | |||
r-release-macos-x86_64 | 2.2.1 | 33.00 | OK | |||
r-release-windows-x86_64 | 2.2.1 | 7.00 | 54.00 | 61.00 | OK | |
r-oldrel-macos-arm64 | 2.2.1 | 24.00 | OK | |||
r-oldrel-macos-x86_64 | 2.2.1 | 37.00 | OK | |||
r-oldrel-windows-x86_64 | 2.2.1 | 8.00 | 61.00 | 69.00 | OK |
Version: 2.2.1
Check: dependencies in R code
Result: NOTE
Namespaces in Imports field not imported from:
‘base’ ‘data.table’
All declared Imports should be used.
Flavors: r-devel-linux-x86_64-fedora-clang, r-devel-linux-x86_64-fedora-gcc