CRAN Package Check Results for Package FOCI

Last updated on 2025-07-20 01:49:28 CEST.

Flavor Version Tinstall Tcheck Ttotal Status Flags
r-devel-linux-x86_64-debian-clang 0.1.3 2.26 53.91 56.17 NOTE
r-devel-linux-x86_64-debian-gcc 0.1.3 1.88 38.36 40.24 NOTE
r-devel-linux-x86_64-fedora-clang 0.1.3 92.24 OK
r-devel-linux-x86_64-fedora-gcc 0.1.3 98.00 OK
r-devel-windows-x86_64 0.1.3 4.00 69.00 73.00 OK
r-patched-linux-x86_64 0.1.3 2.16 50.45 52.61 OK
r-release-linux-x86_64 0.1.3 2.07 49.58 51.65 OK
r-release-macos-arm64 0.1.3 37.00 OK
r-release-macos-x86_64 0.1.3 68.00 OK
r-release-windows-x86_64 0.1.3 4.00 67.00 71.00 OK
r-oldrel-macos-arm64 0.1.3 33.00 NOTE
r-oldrel-macos-x86_64 0.1.3 53.00 NOTE
r-oldrel-windows-x86_64 0.1.3 5.00 81.00 86.00 NOTE

Check Details

Version: 0.1.3
Check: CRAN incoming feasibility
Result: NOTE Maintainer: ‘Mona Azadkia <monaazadkia@gmail.com>’ The Description field contains simple measure of conditional dependence" <arXiv:1910.12327>. Please refer to arXiv e-prints via their arXiv DOI <doi:10.48550/arXiv.YYMM.NNNNN>. Flavors: r-devel-linux-x86_64-debian-clang, r-devel-linux-x86_64-debian-gcc

Version: 0.1.3
Check: LazyData
Result: NOTE 'LazyData' is specified without a 'data' directory Flavors: r-oldrel-macos-arm64, r-oldrel-macos-x86_64, r-oldrel-windows-x86_64