Last updated on 2025-04-29 13:51:23 CEST.
Flavor | Version | Tinstall | Tcheck | Ttotal | Status | Flags |
---|---|---|---|---|---|---|
r-devel-linux-x86_64-debian-clang | 1.1.2 | 6.68 | 62.46 | 69.14 | NOTE | |
r-devel-linux-x86_64-debian-gcc | 1.1.2 | 5.35 | 46.93 | 52.28 | NOTE | |
r-devel-linux-x86_64-fedora-clang | 1.1.2 | 108.00 | OK | |||
r-devel-linux-x86_64-fedora-gcc | 1.1.2 | 103.25 | OK | |||
r-devel-windows-x86_64 | 1.1.2 | 7.00 | 82.00 | 89.00 | OK | |
r-patched-linux-x86_64 | 1.1.2 | 6.64 | 59.63 | 66.27 | OK | |
r-release-linux-x86_64 | 1.1.2 | 6.77 | 58.87 | 65.64 | OK | |
r-release-macos-arm64 | 1.1.2 | 32.00 | OK | |||
r-release-macos-x86_64 | 1.1.2 | 69.00 | OK | |||
r-release-windows-x86_64 | 1.1.2 | 7.00 | 84.00 | 91.00 | OK | |
r-oldrel-macos-arm64 | 1.1.2 | 32.00 | NOTE | |||
r-oldrel-macos-x86_64 | 1.1.2 | 67.00 | NOTE | |||
r-oldrel-windows-x86_64 | 1.1.2 | 9.00 | 91.00 | 100.00 | NOTE |
Version: 1.1.2
Check: CRAN incoming feasibility
Result: NOTE
Maintainer: ‘Kridsadakorn Chaichoompu <kridsadakorn@biostatgen.org>’
Package CITATION file contains call(s) to old-style personList() or
as.personList(). Please use c() on person objects instead.
Package CITATION file contains call(s) to old-style citEntry(). Please
use bibentry() instead.
Flavors: r-devel-linux-x86_64-debian-clang, r-devel-linux-x86_64-debian-gcc
Version: 1.1.2
Check: examples
Result: NOTE
Examples with CPU (user + system) or elapsed time > 5s
user system elapsed
filest 3.751 0.035 5.302
Flavor: r-devel-linux-x86_64-debian-clang
Version: 1.1.2
Check: LazyData
Result: NOTE
'LazyData' is specified without a 'data' directory
Flavors: r-oldrel-macos-arm64, r-oldrel-macos-x86_64, r-oldrel-windows-x86_64