Last updated on 2025-05-19 01:49:53 CEST.
Flavor | Version | Tinstall | Tcheck | Ttotal | Status | Flags |
---|---|---|---|---|---|---|
r-devel-linux-x86_64-debian-clang | 0.1.4 | 5.61 | 131.81 | 137.42 | NOTE | |
r-devel-linux-x86_64-debian-gcc | 0.1.4 | 3.36 | 82.29 | 85.65 | NOTE | |
r-devel-linux-x86_64-fedora-clang | 0.1.4 | 220.24 | OK | |||
r-devel-linux-x86_64-fedora-gcc | 0.1.4 | 217.79 | OK | |||
r-devel-windows-x86_64 | 0.1.4 | 6.00 | 148.00 | 154.00 | OK | |
r-patched-linux-x86_64 | 0.1.4 | 5.24 | 127.31 | 132.55 | OK | |
r-release-linux-x86_64 | 0.1.4 | 4.51 | 128.12 | 132.63 | OK | |
r-release-macos-arm64 | 0.1.4 | 70.00 | OK | |||
r-release-macos-x86_64 | 0.1.4 | 155.00 | OK | |||
r-release-windows-x86_64 | 0.1.4 | 6.00 | 152.00 | 158.00 | OK | |
r-oldrel-macos-arm64 | 0.1.4 | 62.00 | OK | |||
r-oldrel-macos-x86_64 | 0.1.4 | 113.00 | OK | |||
r-oldrel-windows-x86_64 | 0.1.4 | 7.00 | 194.00 | 201.00 | OK |
Version: 0.1.4
Check: CRAN incoming feasibility
Result: NOTE
Maintainer: ‘Lealand Morin <lealand.morin@ucf.edu>’
Package CITATION file contains call(s) to old-style citEntry(). Please
use bibentry() instead.
Flavors: r-devel-linux-x86_64-debian-clang, r-devel-linux-x86_64-debian-gcc