Last updated on 2025-05-19 01:49:53 CEST.
Flavor | Version | Tinstall | Tcheck | Ttotal | Status | Flags |
---|---|---|---|---|---|---|
r-devel-linux-x86_64-debian-clang | 0.1.7 | 3.33 | 34.29 | 37.62 | NOTE | |
r-devel-linux-x86_64-debian-gcc | 0.1.7 | 2.06 | 27.56 | 29.62 | NOTE | |
r-devel-linux-x86_64-fedora-clang | 0.1.7 | 60.77 | OK | |||
r-devel-linux-x86_64-fedora-gcc | 0.1.7 | 70.82 | OK | |||
r-devel-windows-x86_64 | 0.1.7 | 5.00 | 80.00 | 85.00 | OK | |
r-patched-linux-x86_64 | 0.1.7 | 2.51 | 33.41 | 35.92 | OK | |
r-release-linux-x86_64 | 0.1.7 | 2.47 | 33.81 | 36.28 | OK | |
r-release-macos-arm64 | 0.1.7 | 29.00 | OK | |||
r-release-macos-x86_64 | 0.1.7 | 55.00 | OK | |||
r-release-windows-x86_64 | 0.1.7 | 5.00 | 79.00 | 84.00 | OK | |
r-oldrel-macos-arm64 | 0.1.7 | 28.00 | OK | |||
r-oldrel-macos-x86_64 | 0.1.7 | 42.00 | OK | |||
r-oldrel-windows-x86_64 | 0.1.7 | 3.00 | 85.00 | 88.00 | OK |
Version: 0.1.7
Check: CRAN incoming feasibility
Result: NOTE
Maintainer: ‘Marek Hlavac <mhlavac@alumni.princeton.edu>’
No Authors@R field in DESCRIPTION.
Please add one, modifying
Authors@R: person(given = "Marek",
family = "Hlavac",
role = c("aut", "cre"),
email = "mhlavac@alumni.princeton.edu")
as necessary.
Flavors: r-devel-linux-x86_64-debian-clang, r-devel-linux-x86_64-debian-gcc