Last updated on 2024-08-16 12:49:07 CEST.
Flavor | Version | Tinstall | Tcheck | Ttotal | Status | Flags |
---|---|---|---|---|---|---|
r-devel-linux-x86_64-debian-clang | 4.0.0 | 10.21 | 206.01 | 216.22 | NOTE | |
r-devel-linux-x86_64-debian-gcc | 4.0.0 | 6.99 | 132.14 | 139.13 | NOTE | |
r-devel-linux-x86_64-fedora-clang | 4.0.0 | 358.46 | NOTE | |||
r-devel-linux-x86_64-fedora-gcc | 4.0.0 | 385.49 | NOTE | |||
r-devel-windows-x86_64 | 4.0.0 | 14.00 | 241.00 | 255.00 | NOTE | |
r-patched-linux-x86_64 | 4.0.0 | 16.79 | 195.14 | 211.93 | NOTE | |
r-release-linux-x86_64 | 4.0.0 | 9.17 | 196.62 | 205.79 | NOTE | |
r-release-macos-arm64 | 4.0.0 | 92.00 | NOTE | |||
r-release-macos-x86_64 | 4.0.0 | 165.00 | NOTE | |||
r-release-windows-x86_64 | 4.0.0 | 14.00 | 238.00 | 252.00 | NOTE | |
r-oldrel-macos-arm64 | 4.0.0 | 117.00 | OK | |||
r-oldrel-macos-x86_64 | 4.0.0 | 182.00 | OK | |||
r-oldrel-windows-x86_64 | 4.0.0 | 15.00 | 319.00 | 334.00 | OK |
Version: 4.0.0
Check: Rd files
Result: NOTE
checkRd: (-1) integration.Rd:37-38: Lost braces in \itemize; meant \describe ?
checkRd: (-1) integration.Rd:39: Lost braces in \itemize; meant \describe ?
checkRd: (-1) integration.Rd:40: Lost braces in \itemize; meant \describe ?
checkRd: (-1) integration.Rd:41-42: Lost braces in \itemize; meant \describe ?
checkRd: (-1) loess.options.Rd:25-26: Lost braces in \itemize; meant \describe ?
checkRd: (-1) loess.options.Rd:27-28: Lost braces in \itemize; meant \describe ?
checkRd: (-1) maxlogLreg.Rd:138: Lost braces; missing escapes or markup?
138 | $j^{th}$ for all the observations.
| ^
Flavors: r-devel-linux-x86_64-debian-clang, r-devel-linux-x86_64-debian-gcc, r-devel-linux-x86_64-fedora-clang, r-devel-linux-x86_64-fedora-gcc, r-devel-windows-x86_64, r-patched-linux-x86_64, r-release-linux-x86_64, r-release-macos-arm64, r-release-macos-x86_64, r-release-windows-x86_64
Version: 4.0.0
Check: Rd cross-references
Result: NOTE
Found the following Rd file(s) with Rd \link{} targets missing package
anchors:
maxlogL.Rd: DEoptim
maxlogLreg.Rd: DEoptim, DEoptim.control
Please provide package anchors for all Rd \link{} targets not in the
package itself and the base packages.
Flavors: r-devel-linux-x86_64-debian-clang, r-devel-linux-x86_64-debian-gcc, r-devel-windows-x86_64