Last updated on 2025-05-19 01:49:53 CEST.
Flavor | Version | Tinstall | Tcheck | Ttotal | Status | Flags |
---|---|---|---|---|---|---|
r-devel-linux-x86_64-debian-clang | 1.6 | 8.26 | 56.46 | 64.72 | NOTE | |
r-devel-linux-x86_64-debian-gcc | 1.6 | 5.25 | 42.10 | 47.35 | NOTE | |
r-devel-linux-x86_64-fedora-clang | 1.6 | 100.65 | OK | |||
r-devel-linux-x86_64-fedora-gcc | 1.6 | 95.33 | OK | |||
r-devel-windows-x86_64 | 1.6 | 9.00 | 72.00 | 81.00 | OK | |
r-patched-linux-x86_64 | 1.6 | 5.92 | 53.24 | 59.16 | OK | |
r-release-linux-x86_64 | 1.6 | 6.67 | 53.49 | 60.16 | OK | |
r-release-macos-arm64 | 1.6 | 29.00 | OK | |||
r-release-macos-x86_64 | 1.6 | 49.00 | OK | |||
r-release-windows-x86_64 | 1.6 | 10.00 | 73.00 | 83.00 | OK | |
r-oldrel-macos-arm64 | 1.6 | 32.00 | OK | |||
r-oldrel-macos-x86_64 | 1.6 | 45.00 | OK | |||
r-oldrel-windows-x86_64 | 1.6 | 13.00 | 87.00 | 100.00 | OK |
Version: 1.6
Check: CRAN incoming feasibility
Result: NOTE
Maintainer: ‘Cengiz Zopluoglu <cen.zop@gmail.com>’
No Authors@R field in DESCRIPTION.
Please add one, modifying
Authors@R: person(given = "Cengiz",
family = "Zopluoglu",
role = c("aut", "cre"),
email = "cen.zop@gmail.com")
as necessary.
Flavors: r-devel-linux-x86_64-debian-clang, r-devel-linux-x86_64-debian-gcc