Last updated on 2024-06-10 00:49:16 CEST.
Flavor | Version | Tinstall | Tcheck | Ttotal | Status | Flags |
---|---|---|---|---|---|---|
r-devel-linux-x86_64-debian-clang | 1.3.0 | 140.07 | 189.56 | 329.63 | OK | |
r-devel-linux-x86_64-debian-gcc | 1.3.0 | OK | ||||
r-devel-linux-x86_64-fedora-clang | 1.3.0 | 273.85 | OK | |||
r-devel-linux-x86_64-fedora-gcc | 1.3.0 | 471.03 | OK | |||
r-devel-windows-x86_64 | 1.3.0 | 105.00 | 174.00 | 279.00 | OK | |
r-patched-linux-x86_64 | 1.3.0 | 112.92 | 195.45 | 308.37 | OK | |
r-release-linux-x86_64 | 1.3.0 | 91.02 | 196.14 | 287.16 | OK | |
r-release-macos-arm64 | 1.3.0 | 108.00 | OK | |||
r-release-macos-x86_64 | 1.3.0 | 194.00 | OK | |||
r-release-windows-x86_64 | 1.3.0 | 109.00 | 17.00 | 126.00 | ERROR | |
r-oldrel-macos-arm64 | 1.3.0 | 110.00 | OK | |||
r-oldrel-macos-x86_64 | 1.3.0 | 202.00 | OK | |||
r-oldrel-windows-x86_64 | 1.3.0 | 128.00 | 230.00 | 358.00 | OK |
Version: 1.3.0
Check: R files for syntax errors
Result: ERROR
Error: memory exhausted
Execution halted
Flavor: r-release-windows-x86_64
Version: 1.3.0
Check: whether the package can be loaded
Result: ERROR
Loading this package had a fatal error status code 301
Flavor: r-release-windows-x86_64