Last updated on 2024-08-16 12:49:07 CEST.
Flavor | Version | Tinstall | Tcheck | Ttotal | Status | Flags |
---|---|---|---|---|---|---|
r-devel-linux-x86_64-debian-clang | 2.4-2 | 4.96 | 67.82 | 72.78 | OK | |
r-devel-linux-x86_64-debian-gcc | 2.4-2 | 4.52 | 50.93 | 55.45 | OK | |
r-devel-linux-x86_64-fedora-clang | 2.4-2 | 122.28 | NOTE | |||
r-devel-linux-x86_64-fedora-gcc | 2.4-2 | 128.02 | NOTE | |||
r-devel-windows-x86_64 | 2.4-2 | 8.00 | 135.00 | 143.00 | OK | |
r-patched-linux-x86_64 | 2.4-2 | 5.31 | 64.41 | 69.72 | OK | |
r-release-linux-x86_64 | 2.4-2 | 4.99 | 65.36 | 70.35 | OK | |
r-release-macos-arm64 | 2.4-2 | 40.00 | OK | |||
r-release-macos-x86_64 | 2.4-2 | 69.00 | OK | |||
r-release-windows-x86_64 | 2.4-2 | 7.00 | 133.00 | 140.00 | OK | |
r-oldrel-macos-arm64 | 2.4-2 | 43.00 | OK | |||
r-oldrel-macos-x86_64 | 2.4-2 | 61.00 | OK | |||
r-oldrel-windows-x86_64 | 2.4-2 | 9.00 | 129.00 | 138.00 | OK |
Version: 2.4-2
Check: dependencies in R code
Result: NOTE
Namespace in Imports field not imported from: ‘tibble’
All declared Imports should be used.
Flavors: r-devel-linux-x86_64-fedora-clang, r-devel-linux-x86_64-fedora-gcc