Last updated on 2025-04-29 01:49:31 CEST.
Flavor | Version | Tinstall | Tcheck | Ttotal | Status | Flags |
---|---|---|---|---|---|---|
r-devel-linux-x86_64-debian-clang | 0.1.1 | 1.92 | 32.11 | 34.03 | OK | |
r-devel-linux-x86_64-debian-gcc | 0.1.1 | 1.41 | 24.84 | 26.25 | NOTE | |
r-devel-linux-x86_64-fedora-clang | 0.1.1 | 59.91 | OK | |||
r-devel-linux-x86_64-fedora-gcc | 0.1.1 | 55.85 | OK | |||
r-devel-windows-x86_64 | 0.1.1 | 4.00 | 57.00 | 61.00 | OK | |
r-patched-linux-x86_64 | 0.1.1 | 2.56 | 31.61 | 34.17 | OK | |
r-release-linux-x86_64 | 0.1.1 | 2.16 | 31.51 | 33.67 | OK | |
r-release-macos-arm64 | 0.1.1 | 21.00 | OK | |||
r-release-macos-x86_64 | 0.1.1 | 48.00 | OK | |||
r-release-windows-x86_64 | 0.1.1 | 4.00 | 55.00 | 59.00 | OK | |
r-oldrel-macos-arm64 | 0.1.1 | 27.00 | OK | |||
r-oldrel-macos-x86_64 | 0.1.1 | 42.00 | OK | |||
r-oldrel-windows-x86_64 | 0.1.1 | 5.00 | 65.00 | 70.00 | OK |
Version: 0.1.1
Check: examples
Result: NOTE
Examples with CPU (user + system) or elapsed time > 5s
user system elapsed
best_arima 3.467 0.099 5.557
Flavor: r-devel-linux-x86_64-debian-gcc