CRAN Package Check Results for Package EML

Last updated on 2025-07-21 01:49:03 CEST.

Flavor Version Tinstall Tcheck Ttotal Status Flags
r-devel-linux-x86_64-debian-clang 2.0.6.1 8.01 82.38 90.39 NOTE
r-devel-linux-x86_64-debian-gcc 2.0.6.1 5.90 60.40 66.30 NOTE
r-devel-linux-x86_64-fedora-clang 2.0.6.1 141.20 OK
r-devel-linux-x86_64-fedora-gcc 2.0.6.1 155.55 OK
r-devel-windows-x86_64 2.0.6.1 12.00 102.00 114.00 NOTE --no-vignettes
r-patched-linux-x86_64 2.0.6.1 8.18 76.45 84.63 NOTE
r-release-linux-x86_64 2.0.6.1 7.46 76.01 83.47 NOTE
r-release-macos-arm64 2.0.6.1 59.00 OK
r-release-macos-x86_64 2.0.6.1 94.00 OK
r-release-windows-x86_64 2.0.6.1 11.00 106.00 117.00 NOTE --no-vignettes
r-oldrel-macos-arm64 2.0.6.1 50.00 OK
r-oldrel-macos-x86_64 2.0.6.1 74.00 OK
r-oldrel-windows-x86_64 2.0.6.1 14.00 117.00 131.00 OK --no-vignettes

Check Details

Version: 2.0.6.1
Check: Rd cross-references
Result: NOTE Found the following Rd file(s) with Rd \link{} targets missing package anchors: write_eml.Rd: write_xml Please provide package anchors for all Rd \link{} targets not in the package itself and the base packages. Flavors: r-devel-linux-x86_64-debian-clang, r-devel-linux-x86_64-debian-gcc, r-patched-linux-x86_64, r-release-linux-x86_64

Version: 2.0.6.1
Flags: --no-vignettes
Check: Rd cross-references
Result: NOTE Found the following Rd file(s) with Rd \link{} targets missing package anchors: write_eml.Rd: write_xml Please provide package anchors for all Rd \link{} targets not in the package itself and the base packages. Flavors: r-devel-windows-x86_64, r-release-windows-x86_64