CRAN Package Check Results for Package EL2Surv

Last updated on 2025-07-20 01:49:27 CEST.

Flavor Version Tinstall Tcheck Ttotal Status Flags
r-devel-linux-x86_64-debian-clang 1.1 6.72 57.96 64.68 NOTE
r-devel-linux-x86_64-debian-gcc 1.1 4.90 43.43 48.33 NOTE
r-devel-linux-x86_64-fedora-clang 1.1 106.51 OK
r-devel-linux-x86_64-fedora-gcc 1.1 97.36 OK
r-devel-windows-x86_64 1.1 8.00 71.00 79.00 OK
r-patched-linux-x86_64 1.1 6.43 55.50 61.93 OK
r-release-linux-x86_64 1.1 6.78 55.10 61.88 OK
r-release-macos-arm64 1.1 34.00 OK
r-release-macos-x86_64 1.1 55.00 OK
r-release-windows-x86_64 1.1 7.00 70.00 77.00 OK
r-oldrel-macos-arm64 1.1 30.00 OK
r-oldrel-macos-x86_64 1.1 44.00 OK
r-oldrel-windows-x86_64 1.1 10.00 82.00 92.00 OK

Check Details

Version: 1.1
Check: CRAN incoming feasibility
Result: NOTE Maintainer: ‘Guo-You Lan <jj6020770416jj@gmail.com>’ No Authors@R field in DESCRIPTION. Please add one, modifying Authors@R: person(given = "Hsin-wen", family = "Chang", role = c("aut", "cre"), email = "hwchang@stat.sinica.edu.tw") as necessary. Flavors: r-devel-linux-x86_64-debian-clang, r-devel-linux-x86_64-debian-gcc