CRAN Package Check Results for Package EGRETci

Last updated on 2025-04-29 01:49:31 CEST.

Flavor Version Tinstall Tcheck Ttotal Status Flags
r-devel-linux-x86_64-debian-clang 2.0.5 4.93 242.07 247.00 OK
r-devel-linux-x86_64-debian-gcc 2.0.5 3.48 152.94 156.42 OK
r-devel-linux-x86_64-fedora-clang 2.0.5 422.20 OK
r-devel-linux-x86_64-fedora-gcc 2.0.5 453.77 OK
r-devel-windows-x86_64 2.0.5 6.00 284.00 290.00 OK
r-patched-linux-x86_64 2.0.5 5.19 233.72 238.91 OK
r-release-linux-x86_64 2.0.5 4.51 231.57 236.08 OK
r-release-macos-arm64 2.0.5 82.00 ERROR
r-release-macos-x86_64 2.0.5 145.00 OK
r-release-windows-x86_64 2.0.5 8.00 294.00 302.00 OK
r-oldrel-macos-arm64 2.0.5 106.00 ERROR
r-oldrel-macos-x86_64 2.0.5 185.00 OK
r-oldrel-windows-x86_64 2.0.5 9.00 337.00 346.00 OK

Check Details

Version: 2.0.5
Check: tests
Result: ERROR Running ‘testthat.R’ [0s/1s] Running the tests in ‘tests/testthat.R’ failed. Complete output: > library(testthat) > library(EGRETci) > test_check("EGRETci") [ FAIL 1 | WARN 0 | SKIP 10 | PASS 15 ] ══ Skipped tests (10) ══════════════════════════════════════════════════════════ • On CRAN (10): 'tests_boot_tests.R:57:3', 'tests_boot_tests.R:69:3', 'tests_boot_tests.R:87:3', 'tests_boot_tests.R:131:3', 'tests_boot_tests.R:150:3', 'tests_boot_tests.R:179:3', 'tests_kalman.R:4:3', 'tests_kalman.R:21:3', 'tests_kalman.R:46:3', 'tests_kalman.R:71:3' ══ Failed tests ════════════════════════════════════════════════════════════════ ── Failure ('tests_boot_tests.R:113:3'): paVector ────────────────────────────── `paIndexWinter` not equal to 11:13. Lengths differ: 4 is not 3 [ FAIL 1 | WARN 0 | SKIP 10 | PASS 15 ] Error: Test failures Execution halted Flavor: r-release-macos-arm64

Version: 2.0.5
Check: tests
Result: ERROR Running ‘testthat.R’ [1s/1s] Running the tests in ‘tests/testthat.R’ failed. Complete output: > library(testthat) > library(EGRETci) > test_check("EGRETci") [ FAIL 1 | WARN 0 | SKIP 10 | PASS 15 ] ══ Skipped tests (10) ══════════════════════════════════════════════════════════ • On CRAN (10): 'tests_boot_tests.R:57:3', 'tests_boot_tests.R:69:3', 'tests_boot_tests.R:87:3', 'tests_boot_tests.R:131:3', 'tests_boot_tests.R:150:3', 'tests_boot_tests.R:179:3', 'tests_kalman.R:4:3', 'tests_kalman.R:21:3', 'tests_kalman.R:46:3', 'tests_kalman.R:71:3' ══ Failed tests ════════════════════════════════════════════════════════════════ ── Failure ('tests_boot_tests.R:113:3'): paVector ────────────────────────────── `paIndexWinter` not equal to 11:13. Lengths differ: 4 is not 3 [ FAIL 1 | WARN 0 | SKIP 10 | PASS 15 ] Error: Test failures Execution halted Flavor: r-oldrel-macos-arm64