Last updated on 2025-05-18 12:50:00 CEST.
Flavor | Version | Tinstall | Tcheck | Ttotal | Status | Flags |
---|---|---|---|---|---|---|
r-devel-linux-x86_64-debian-clang | 1.1.1 | 7.38 | 65.80 | 73.18 | NOTE | |
r-devel-linux-x86_64-debian-gcc | 1.1.1 | 4.82 | 45.55 | 50.37 | NOTE | |
r-devel-linux-x86_64-fedora-clang | 1.1.1 | 111.61 | OK | |||
r-devel-linux-x86_64-fedora-gcc | 1.1.1 | 131.94 | OK | |||
r-devel-windows-x86_64 | 1.1.1 | 10.00 | 79.00 | 89.00 | OK | |
r-patched-linux-x86_64 | 1.1.1 | 7.79 | 60.19 | 67.98 | OK | |
r-release-linux-x86_64 | 1.1.1 | 6.67 | 60.56 | 67.23 | OK | |
r-release-macos-arm64 | 1.1.1 | 53.00 | OK | |||
r-release-macos-x86_64 | 1.1.1 | 78.00 | OK | |||
r-release-windows-x86_64 | 1.1.1 | 9.00 | 84.00 | 93.00 | OK | |
r-oldrel-macos-arm64 | 1.1.1 | 44.00 | OK | |||
r-oldrel-macos-x86_64 | 1.1.1 | 62.00 | OK | |||
r-oldrel-windows-x86_64 | 1.1.1 | 10.00 | 103.00 | 113.00 | OK |
Version: 1.1.1
Check: CRAN incoming feasibility
Result: NOTE
Maintainer: ‘Vipavee Trivittayasil <vipavee.tri@gmail.com>’
No Authors@R field in DESCRIPTION.
Please add one, modifying
Authors@R: person(given = "Vipavee",
family = "Trivittayasil",
role = c("aut", "cre"),
email = "vipavee.tri@gmail.com")
as necessary.
Flavors: r-devel-linux-x86_64-debian-clang, r-devel-linux-x86_64-debian-gcc