CRAN Package Check Results for Package EBASE

Last updated on 2025-04-29 01:49:31 CEST.

Flavor Version Tinstall Tcheck Ttotal Status Flags
r-devel-linux-x86_64-debian-clang 1.1.0 7.11 132.07 139.18 NOTE
r-devel-linux-x86_64-debian-gcc 1.1.0 4.34 89.04 93.38 NOTE
r-devel-linux-x86_64-fedora-clang 1.1.0 224.02 NOTE
r-devel-linux-x86_64-fedora-gcc 1.1.0 218.40 NOTE
r-devel-windows-x86_64 1.1.0 9.00 257.00 266.00 NOTE
r-patched-linux-x86_64 1.1.0 5.97 126.84 132.81 NOTE
r-release-linux-x86_64 1.1.0 6.39 126.04 132.43 NOTE
r-release-macos-arm64 1.1.0 130.00 NOTE
r-release-macos-x86_64 1.1.0 349.00 NOTE
r-release-windows-x86_64 1.1.0 10.00 260.00 270.00 NOTE
r-oldrel-macos-arm64 1.1.0 133.00 OK
r-oldrel-macos-x86_64 1.1.0 244.00 OK
r-oldrel-windows-x86_64 1.1.0 11.00 357.00 368.00 OK

Check Details

Version: 1.1.0
Check: DESCRIPTION meta-information
Result: NOTE Missing dependency on R >= 4.1.0 because package code uses the pipe |> or function shorthand \(...) syntax added in R 4.1.0. File(s) using such syntax: ‘ebase_plot.R’ ‘ebase_prep.R’ Flavors: r-devel-linux-x86_64-debian-clang, r-devel-linux-x86_64-debian-gcc, r-devel-linux-x86_64-fedora-clang, r-devel-linux-x86_64-fedora-gcc, r-devel-windows-x86_64, r-patched-linux-x86_64, r-release-linux-x86_64, r-release-macos-arm64, r-release-macos-x86_64, r-release-windows-x86_64

Version: 1.1.0
Check: examples
Result: NOTE Examples with CPU (user + system) or elapsed time > 5s user system elapsed ebase 1 0.066 5.386 Flavor: r-devel-linux-x86_64-debian-gcc