CRAN Package Check Results for Package EATME

Last updated on 2025-04-29 01:49:31 CEST.

Flavor Version Tinstall Tcheck Ttotal Status Flags
r-devel-linux-x86_64-debian-clang 0.1.0 2.59 52.68 55.27 OK
r-devel-linux-x86_64-debian-gcc 0.1.0 1.91 34.61 36.52 NOTE
r-devel-linux-x86_64-fedora-clang 0.1.0 87.14 NOTE
r-devel-linux-x86_64-fedora-gcc 0.1.0 83.93 NOTE
r-devel-windows-x86_64 0.1.0 4.00 73.00 77.00 OK
r-patched-linux-x86_64 0.1.0 1.78 48.51 50.29 OK
r-release-linux-x86_64 0.1.0 2.33 46.62 48.95 OK
r-release-macos-arm64 0.1.0 30.00 OK
r-release-macos-x86_64 0.1.0 50.00 OK
r-release-windows-x86_64 0.1.0 4.00 74.00 78.00 OK
r-oldrel-macos-arm64 0.1.0 29.00 OK
r-oldrel-macos-x86_64 0.1.0 41.00 OK
r-oldrel-windows-x86_64 0.1.0 5.00 85.00 90.00 OK

Check Details

Version: 0.1.0
Check: examples
Result: NOTE Examples with CPU (user + system) or elapsed time > 5s user system elapsed EWMA_p_chart_one_LCL 4.465 0.357 6.238 Flavor: r-devel-linux-x86_64-debian-gcc

Version: 0.1.0
Check: dependencies in R code
Result: NOTE Namespace in Imports field not imported from: ‘qcr’ All declared Imports should be used. Flavors: r-devel-linux-x86_64-fedora-clang, r-devel-linux-x86_64-fedora-gcc