Last updated on 2025-05-19 01:49:52 CEST.
Flavor | Version | Tinstall | Tcheck | Ttotal | Status | Flags |
---|---|---|---|---|---|---|
r-devel-linux-x86_64-debian-clang | 5.1 | 17.12 | 115.07 | 132.19 | NOTE | |
r-devel-linux-x86_64-debian-gcc | 5.1 | 10.57 | 82.52 | 93.09 | NOTE | |
r-devel-linux-x86_64-fedora-clang | 5.1 | 200.34 | OK | |||
r-devel-linux-x86_64-fedora-gcc | 5.1 | 187.69 | OK | |||
r-devel-windows-x86_64 | 5.1 | 17.00 | 120.00 | 137.00 | OK | |
r-patched-linux-x86_64 | 5.1 | 16.04 | 104.96 | 121.00 | OK | |
r-release-linux-x86_64 | 5.1 | 14.36 | 107.44 | 121.80 | OK | |
r-release-macos-arm64 | 5.1 | 59.00 | OK | |||
r-release-macos-x86_64 | 5.1 | 99.00 | OK | |||
r-release-windows-x86_64 | 5.1 | 17.00 | 117.00 | 134.00 | OK | |
r-oldrel-macos-arm64 | 5.1 | 53.00 | OK | |||
r-oldrel-macos-x86_64 | 5.1 | 144.00 | OK | |||
r-oldrel-windows-x86_64 | 5.1 | 21.00 | 156.00 | 177.00 | OK |
Version: 5.1
Check: CRAN incoming feasibility
Result: NOTE
Maintainer: ‘Amirhossein Jalali <amir.jalali@ul.ie>’
No Authors@R field in DESCRIPTION.
Please add one, modifying
Authors@R: c(person(given = "Amirhossein",
family = "Jalali",
role = c("aut", "cre"),
email = "amir.jalali@ul.ie"),
person(given = "Davood",
family = "Roshan",
role = "aut"),
person(given = "Alberto",
family = "Alvarez-Iglesias",
role = "aut"),
person(given = "John",
family = "Newell",
role = "aut"))
as necessary.
Flavors: r-devel-linux-x86_64-debian-clang, r-devel-linux-x86_64-debian-gcc