CRAN Package Check Results for Package Dpit

Last updated on 2025-07-20 01:49:27 CEST.

Flavor Version Tinstall Tcheck Ttotal Status Flags
r-devel-linux-x86_64-debian-clang 1.0 6.41 35.04 41.45 NOTE
r-devel-linux-x86_64-debian-gcc 1.0 3.19 25.83 29.02 NOTE
r-devel-linux-x86_64-fedora-clang 1.0 65.94 OK
r-devel-linux-x86_64-fedora-gcc 1.0 59.74 OK
r-devel-windows-x86_64 1.0 7.00 51.00 58.00 OK
r-patched-linux-x86_64 1.0 5.22 33.07 38.29 OK
r-release-linux-x86_64 1.0 4.74 33.12 37.86 OK
r-release-macos-arm64 1.0 22.00 OK
r-release-macos-x86_64 1.0 42.00 OK
r-release-windows-x86_64 1.0 7.00 50.00 57.00 OK
r-oldrel-macos-arm64 1.0 21.00 OK
r-oldrel-macos-x86_64 1.0 30.00 OK
r-oldrel-windows-x86_64 1.0 8.00 57.00 65.00 OK

Check Details

Version: 1.0
Check: CRAN incoming feasibility
Result: NOTE Maintainer: ‘Harry Joo <harryjoo19@gmail.com>’ No Authors@R field in DESCRIPTION. Please add one, modifying Authors@R: c(person(given = "Harry", family = "Joo", role = c("aut", "cre"), email = "harryjoo19@gmail.com"), person(given = "Herman", family = "Aguinis", role = c("aut", "dtc")), person(given = c("Kyle", "J."), family = "Bradley", role = "aut"), person(given = "Takuya", family = "Noguchi", role = "ctb")) as necessary. Package CITATION file contains call(s) to old-style personList() or as.personList(). Please use c() on person objects instead. Package CITATION file contains call(s) to old-style citEntry(). Please use bibentry() instead. Flavors: r-devel-linux-x86_64-debian-clang, r-devel-linux-x86_64-debian-gcc