Last updated on 2025-05-19 01:49:52 CEST.
Flavor | Version | Tinstall | Tcheck | Ttotal | Status | Flags |
---|---|---|---|---|---|---|
r-devel-linux-x86_64-debian-clang | 0.2.3 | 7.05 | 73.83 | 80.88 | NOTE | |
r-devel-linux-x86_64-debian-gcc | 0.2.3 | 5.31 | 56.71 | 62.02 | NOTE | |
r-devel-linux-x86_64-fedora-clang | 0.2.3 | 125.80 | NOTE | |||
r-devel-linux-x86_64-fedora-gcc | 0.2.3 | 126.10 | NOTE | |||
r-devel-windows-x86_64 | 0.2.3 | 9.00 | 101.00 | 110.00 | NOTE | |
r-patched-linux-x86_64 | 0.2.3 | 6.94 | 70.19 | 77.13 | NOTE | |
r-release-linux-x86_64 | 0.2.3 | 7.01 | 69.81 | 76.82 | NOTE | |
r-release-macos-arm64 | 0.2.3 | 42.00 | NOTE | |||
r-release-macos-x86_64 | 0.2.3 | 81.00 | NOTE | |||
r-release-windows-x86_64 | 0.2.3 | 8.00 | 141.00 | 149.00 | NOTE | |
r-oldrel-macos-arm64 | 0.2.3 | 36.00 | NOTE | |||
r-oldrel-macos-x86_64 | 0.2.3 | 57.00 | NOTE | |||
r-oldrel-windows-x86_64 | 0.2.3 | 10.00 | 109.00 | 119.00 | NOTE |
Version: 0.2.3
Check: Rd files
Result: NOTE
checkRd: (-1) py_select_interpreter.Rd:5: Lost braces; missing escapes or markup?
5 | \title{Tell {reticulate} to use Python Conda version available on Domino Data Lab.}
| ^
Flavors: r-devel-linux-x86_64-debian-clang, r-devel-linux-x86_64-debian-gcc, r-devel-linux-x86_64-fedora-clang, r-devel-linux-x86_64-fedora-gcc, r-devel-windows-x86_64, r-patched-linux-x86_64, r-release-linux-x86_64, r-release-macos-arm64, r-release-macos-x86_64, r-release-windows-x86_64, r-oldrel-macos-arm64, r-oldrel-macos-x86_64, r-oldrel-windows-x86_64