CRAN Package Check Results for Package DominoDataR

Last updated on 2025-07-21 01:49:02 CEST.

Flavor Version Tinstall Tcheck Ttotal Status Flags
r-devel-linux-x86_64-debian-clang 0.2.3 8.00 74.73 82.73 NOTE
r-devel-linux-x86_64-debian-gcc 0.2.3 4.59 54.91 59.50 NOTE
r-devel-linux-x86_64-fedora-clang 0.2.3 129.51 NOTE
r-devel-linux-x86_64-fedora-gcc 0.2.3 119.62 NOTE
r-devel-windows-x86_64 0.2.3 9.00 98.00 107.00 NOTE
r-patched-linux-x86_64 0.2.3 7.51 69.60 77.11 NOTE
r-release-linux-x86_64 0.2.3 6.09 71.14 77.23 NOTE
r-release-macos-arm64 0.2.3 42.00 NOTE
r-release-macos-x86_64 0.2.3 81.00 NOTE
r-release-windows-x86_64 0.2.3 9.00 97.00 106.00 NOTE
r-oldrel-macos-arm64 0.2.3 36.00 NOTE
r-oldrel-macos-x86_64 0.2.3 57.00 NOTE
r-oldrel-windows-x86_64 0.2.3 12.00 112.00 124.00 NOTE

Check Details

Version: 0.2.3
Check: Rd files
Result: NOTE checkRd: (-1) py_select_interpreter.Rd:5: Lost braces; missing escapes or markup? 5 | \title{Tell {reticulate} to use Python Conda version available on Domino Data Lab.} | ^ Flavors: r-devel-linux-x86_64-debian-clang, r-devel-linux-x86_64-debian-gcc, r-devel-linux-x86_64-fedora-clang, r-devel-linux-x86_64-fedora-gcc, r-devel-windows-x86_64, r-patched-linux-x86_64, r-release-linux-x86_64, r-release-macos-arm64, r-release-macos-x86_64, r-release-windows-x86_64, r-oldrel-macos-arm64, r-oldrel-macos-x86_64, r-oldrel-windows-x86_64