Last updated on 2025-04-29 01:49:31 CEST.
Flavor | Version | Tinstall | Tcheck | Ttotal | Status | Flags |
---|---|---|---|---|---|---|
r-devel-linux-x86_64-debian-clang | 1.1 | 10.45 | 81.41 | 91.86 | OK | |
r-devel-linux-x86_64-debian-gcc | 1.1 | 6.59 | 59.75 | 66.34 | NOTE | |
r-devel-linux-x86_64-fedora-clang | 1.1 | 141.41 | OK | |||
r-devel-linux-x86_64-fedora-gcc | 1.1 | 136.56 | OK | |||
r-devel-windows-x86_64 | 1.1 | 10.00 | 86.00 | 96.00 | OK | |
r-patched-linux-x86_64 | 1.1 | 9.78 | 78.93 | 88.71 | OK | |
r-release-linux-x86_64 | 1.1 | 9.83 | 78.93 | 88.76 | OK | |
r-release-macos-arm64 | 1.1 | 48.00 | OK | |||
r-release-macos-x86_64 | 1.1 | 86.00 | OK | |||
r-release-windows-x86_64 | 1.1 | 11.00 | 93.00 | 104.00 | OK | |
r-oldrel-macos-arm64 | 1.1 | 41.00 | OK | |||
r-oldrel-macos-x86_64 | 1.1 | 63.00 | OK | |||
r-oldrel-windows-x86_64 | 1.1 | 13.00 | 112.00 | 125.00 | OK |
Version: 1.1
Check: CRAN incoming feasibility
Result: NOTE
Maintainer: ‘Yuan Chen <irene.yuan.chen@gmail.com>’
No Authors@R field in DESCRIPTION.
Please add one, modifying
Authors@R: c(person(given = "Yuan",
family = "Chen",
role = c("aut", "cre"),
email = "irene.yuan.chen@gmail.com"),
person(given = "Ying",
family = "Liu",
role = "aut"),
person(given = "Donglin",
family = "Zeng",
role = "aut"),
person(given = "Yuanjia",
family = "Wang",
role = "aut"))
as necessary.
Flavor: r-devel-linux-x86_64-debian-gcc